{"id":149,"date":"2019-08-05T12:02:32","date_gmt":"2019-08-05T12:02:32","guid":{"rendered":"https:\/\/veeohutus.ee\/kevad\/?page_id=149"},"modified":"2022-04-11T07:27:29","modified_gmt":"2022-04-11T07:27:29","slug":"veekogule-minnes","status":"publish","type":"page","link":"https:\/\/veeohutus.ee\/kevad\/veekogule-minnes\/","title":{"rendered":"Veekogule minnes"},"content":{"rendered":"<ul>\n<li>Teavita oma l\u00e4hedasi\/kaaslasi enne, kui alustad paadis\u00f5itu;<\/li>\n<li>Riietu vastavalt ilmastiku tingimustele, kalale minnes tuleb v\u00f5imalusel kanda spetsiaalselt kalameestele m\u00f5eldud ujuvaid riideid;<\/li>\n<li>Enne paadis\u00f5itu veendu, et kogu p\u00e4\u00e4stevarustus on pardal ja t\u00f6\u00f6korras ning k\u00f5ikidel s\u00f5itjatel on P\u00e4\u00e4stevestid korrektselt seljas;<\/li>\n<li>Pane laetud mobiiltelefon veekindlasse \u00fcmbrisesse;<\/li>\n<li>\u00c4ra koorma paati \u00fcle;<\/li>\n<li>Paati sisenedes v\u00f5i paadist v\u00e4ljudes liigu paadi keskosas;<\/li>\n<li>Paadis viibitakse istudes, \u00e4ra t\u00f5use p\u00fcsti;<\/li>\n<li>\u00c4ra kiiguta paati, \u00e4ra t\u00f5ukle ega proovi kedagi vette l\u00fckata;<\/li>\n<li>Kui on vajadus vahetada kohti, siis liigub \u00fcks inimene korraga, liigu madalalt;<\/li>\n<li>Koonda raskuskese paadi keskele ja hoia paati tasakaalus;<\/li>\n<li>Kui on vajadus siseneda paati veest, tee seda paadi v\u00f6\u00f6rist v\u00f5i ahtrist;<br \/>\nJ\u00e4lgi ilmastikuolusid.<\/li>\n<\/ul>\n<p>Loe lisaks inforaamatut: <strong><a href=\"https:\/\/veeteedeamet.ee\/sites\/default\/files\/content-editors\/abiks_paadimehele_2018.pdf\">Abiks paadimehele<\/a><\/strong><\/p>\n<p><strong>Vaata, kuidas ohutult kalal k\u00e4ia:<\/strong><\/p>\n<p><iframe loading=\"lazy\" title=\"Ohutult kalale  - Osa 1. Kahlamisp\u00fcksid\" width=\"680\" height=\"383\" src=\"https:\/\/www.youtube.com\/embed\/bhdAafVPIBs?feature=oembed\" frameborder=\"0\" allow=\"accelerometer; autoplay; clipboard-write; encrypted-media; gyroscope; picture-in-picture\" allowfullscreen><\/iframe><\/p>\n<p><iframe loading=\"lazy\" title=\"Ohutult kalale - Osa 2. Paadiga veele\" width=\"680\" height=\"383\" src=\"https:\/\/www.youtube.com\/embed\/7tr_lNC48-Q?feature=oembed\" frameborder=\"0\" allow=\"accelerometer; autoplay; clipboard-write; encrypted-media; gyroscope; picture-in-picture\" allowfullscreen><\/iframe><\/p>\n","protected":false},"excerpt":{"rendered":"<p>Teavita oma l\u00e4hedasi\/kaaslasi enne, kui alustad paadis\u00f5itu; Riietu vastavalt ilmastiku tingimustele, kalale minnes tuleb v\u00f5imalusel kanda spetsiaalselt kalameestele m\u00f5eldud ujuvaid riideid; Enne paadis\u00f5itu veendu, et kogu p\u00e4\u00e4stevarustus on pardal ja t\u00f6\u00f6korras ning k\u00f5ikidel s\u00f5itjatel on P\u00e4\u00e4stevestid korrektselt seljas; Pane laetud mobiiltelefon veekindlasse \u00fcmbrisesse; \u00c4ra koorma paati \u00fcle; Paati sisenedes v\u00f5i paadist v\u00e4ljudes liigu paadi keskosas;&#8230;  <a class=\"excerpt-read-more\" href=\"https:\/\/veeohutus.ee\/kevad\/veekogule-minnes\/\" title=\"Read Veekogule minnes\">Read more<\/a><\/p>\n","protected":false},"author":2,"featured_media":115,"parent":0,"menu_order":0,"comment_status":"closed","ping_status":"closed","template":"","meta":{"_acf_changed":false,"footnotes":""},"class_list":["post-149","page","type-page","status-publish","has-post-thumbnail","hentry"],"acf":[],"yoast_head":"<!-- This site is optimized with the Yoast SEO plugin v26.7 - https:\/\/yoast.com\/wordpress\/plugins\/seo\/ -->\n<title>Veekogule minnes - Veeohutus - Kevad<\/title>\n<meta name=\"robots\" content=\"index, follow, max-snippet:-1, max-image-preview:large, max-video-preview:-1\" \/>\n<link rel=\"canonical\" href=\"https:\/\/veeohutus.ee\/kevad\/veekogule-minnes\/\" \/>\n<meta property=\"og:locale\" content=\"et_EE\" \/>\n<meta property=\"og:type\" content=\"article\" \/>\n<meta property=\"og:title\" content=\"Veekogule minnes - Veeohutus - Kevad\" \/>\n<meta property=\"og:description\" content=\"Teavita oma l\u00e4hedasi\/kaaslasi enne, kui alustad paadis\u00f5itu; Riietu vastavalt ilmastiku tingimustele, kalale minnes tuleb v\u00f5imalusel kanda spetsiaalselt kalameestele m\u00f5eldud ujuvaid riideid; Enne paadis\u00f5itu veendu, et kogu p\u00e4\u00e4stevarustus on pardal ja t\u00f6\u00f6korras ning k\u00f5ikidel s\u00f5itjatel on P\u00e4\u00e4stevestid korrektselt seljas; Pane laetud mobiiltelefon veekindlasse \u00fcmbrisesse; \u00c4ra koorma paati \u00fcle; Paati sisenedes v\u00f5i paadist v\u00e4ljudes liigu paadi keskosas;... Read more\" \/>\n<meta property=\"og:url\" content=\"https:\/\/veeohutus.ee\/kevad\/veekogule-minnes\/\" \/>\n<meta property=\"og:site_name\" content=\"Veeohutus - Kevad\" \/>\n<meta property=\"article:modified_time\" content=\"2022-04-11T07:27:29+00:00\" \/>\n<meta property=\"og:image\" content=\"https:\/\/veeohutus.ee\/kevad\/wp-content\/uploads\/sites\/2\/2019\/08\/river-3328495_1920.jpg\" \/>\n\t<meta property=\"og:image:width\" content=\"1920\" \/>\n\t<meta property=\"og:image:height\" content=\"1280\" \/>\n\t<meta property=\"og:image:type\" content=\"image\/jpeg\" \/>\n<meta name=\"twitter:card\" content=\"summary_large_image\" \/>\n<meta name=\"twitter:label1\" content=\"Est. reading time\" \/>\n\t<meta name=\"twitter:data1\" content=\"1 minut\" \/>\n<script type=\"application\/ld+json\" class=\"yoast-schema-graph\">{\"@context\":\"https:\/\/schema.org\",\"@graph\":[{\"@type\":\"WebPage\",\"@id\":\"https:\/\/veeohutus.ee\/kevad\/veekogule-minnes\/\",\"url\":\"https:\/\/veeohutus.ee\/kevad\/veekogule-minnes\/\",\"name\":\"Veekogule minnes - Veeohutus - Kevad\",\"isPartOf\":{\"@id\":\"https:\/\/veeohutus.ee\/kevad\/#website\"},\"primaryImageOfPage\":{\"@id\":\"https:\/\/veeohutus.ee\/kevad\/veekogule-minnes\/#primaryimage\"},\"image\":{\"@id\":\"https:\/\/veeohutus.ee\/kevad\/veekogule-minnes\/#primaryimage\"},\"thumbnailUrl\":\"https:\/\/veeohutus.ee\/kevad\/wp-content\/uploads\/sites\/2\/2019\/08\/river-3328495_1920.jpg\",\"datePublished\":\"2019-08-05T12:02:32+00:00\",\"dateModified\":\"2022-04-11T07:27:29+00:00\",\"breadcrumb\":{\"@id\":\"https:\/\/veeohutus.ee\/kevad\/veekogule-minnes\/#breadcrumb\"},\"inLanguage\":\"et\",\"potentialAction\":[{\"@type\":\"ReadAction\",\"target\":[\"https:\/\/veeohutus.ee\/kevad\/veekogule-minnes\/\"]}]},{\"@type\":\"ImageObject\",\"inLanguage\":\"et\",\"@id\":\"https:\/\/veeohutus.ee\/kevad\/veekogule-minnes\/#primaryimage\",\"url\":\"https:\/\/veeohutus.ee\/kevad\/wp-content\/uploads\/sites\/2\/2019\/08\/river-3328495_1920.jpg\",\"contentUrl\":\"https:\/\/veeohutus.ee\/kevad\/wp-content\/uploads\/sites\/2\/2019\/08\/river-3328495_1920.jpg\",\"width\":1920,\"height\":1280},{\"@type\":\"BreadcrumbList\",\"@id\":\"https:\/\/veeohutus.ee\/kevad\/veekogule-minnes\/#breadcrumb\",\"itemListElement\":[{\"@type\":\"ListItem\",\"position\":1,\"name\":\"Home\",\"item\":\"https:\/\/veeohutus.ee\/kevad\/\"},{\"@type\":\"ListItem\",\"position\":2,\"name\":\"Veekogule minnes\"}]},{\"@type\":\"WebSite\",\"@id\":\"https:\/\/veeohutus.ee\/kevad\/#website\",\"url\":\"https:\/\/veeohutus.ee\/kevad\/\",\"name\":\"Veeohutus - Kevad\",\"description\":\"Veeohutus - kevad\",\"potentialAction\":[{\"@type\":\"SearchAction\",\"target\":{\"@type\":\"EntryPoint\",\"urlTemplate\":\"https:\/\/veeohutus.ee\/kevad\/?s={search_term_string}\"},\"query-input\":{\"@type\":\"PropertyValueSpecification\",\"valueRequired\":true,\"valueName\":\"search_term_string\"}}],\"inLanguage\":\"et\"}]}<\/script>\n<!-- \/ Yoast SEO plugin. -->","yoast_head_json":{"title":"Veekogule minnes - Veeohutus - Kevad","robots":{"index":"index","follow":"follow","max-snippet":"max-snippet:-1","max-image-preview":"max-image-preview:large","max-video-preview":"max-video-preview:-1"},"canonical":"https:\/\/veeohutus.ee\/kevad\/veekogule-minnes\/","og_locale":"et_EE","og_type":"article","og_title":"Veekogule minnes - Veeohutus - Kevad","og_description":"Teavita oma l\u00e4hedasi\/kaaslasi enne, kui alustad paadis\u00f5itu; Riietu vastavalt ilmastiku tingimustele, kalale minnes tuleb v\u00f5imalusel kanda spetsiaalselt kalameestele m\u00f5eldud ujuvaid riideid; Enne paadis\u00f5itu veendu, et kogu p\u00e4\u00e4stevarustus on pardal ja t\u00f6\u00f6korras ning k\u00f5ikidel s\u00f5itjatel on P\u00e4\u00e4stevestid korrektselt seljas; Pane laetud mobiiltelefon veekindlasse \u00fcmbrisesse; \u00c4ra koorma paati \u00fcle; Paati sisenedes v\u00f5i paadist v\u00e4ljudes liigu paadi keskosas;... Read more","og_url":"https:\/\/veeohutus.ee\/kevad\/veekogule-minnes\/","og_site_name":"Veeohutus - Kevad","article_modified_time":"2022-04-11T07:27:29+00:00","og_image":[{"width":1920,"height":1280,"url":"https:\/\/veeohutus.ee\/kevad\/wp-content\/uploads\/sites\/2\/2019\/08\/river-3328495_1920.jpg","type":"image\/jpeg"}],"twitter_card":"summary_large_image","twitter_misc":{"Est. reading time":"1 minut"},"schema":{"@context":"https:\/\/schema.org","@graph":[{"@type":"WebPage","@id":"https:\/\/veeohutus.ee\/kevad\/veekogule-minnes\/","url":"https:\/\/veeohutus.ee\/kevad\/veekogule-minnes\/","name":"Veekogule minnes - Veeohutus - Kevad","isPartOf":{"@id":"https:\/\/veeohutus.ee\/kevad\/#website"},"primaryImageOfPage":{"@id":"https:\/\/veeohutus.ee\/kevad\/veekogule-minnes\/#primaryimage"},"image":{"@id":"https:\/\/veeohutus.ee\/kevad\/veekogule-minnes\/#primaryimage"},"thumbnailUrl":"https:\/\/veeohutus.ee\/kevad\/wp-content\/uploads\/sites\/2\/2019\/08\/river-3328495_1920.jpg","datePublished":"2019-08-05T12:02:32+00:00","dateModified":"2022-04-11T07:27:29+00:00","breadcrumb":{"@id":"https:\/\/veeohutus.ee\/kevad\/veekogule-minnes\/#breadcrumb"},"inLanguage":"et","potentialAction":[{"@type":"ReadAction","target":["https:\/\/veeohutus.ee\/kevad\/veekogule-minnes\/"]}]},{"@type":"ImageObject","inLanguage":"et","@id":"https:\/\/veeohutus.ee\/kevad\/veekogule-minnes\/#primaryimage","url":"https:\/\/veeohutus.ee\/kevad\/wp-content\/uploads\/sites\/2\/2019\/08\/river-3328495_1920.jpg","contentUrl":"https:\/\/veeohutus.ee\/kevad\/wp-content\/uploads\/sites\/2\/2019\/08\/river-3328495_1920.jpg","width":1920,"height":1280},{"@type":"BreadcrumbList","@id":"https:\/\/veeohutus.ee\/kevad\/veekogule-minnes\/#breadcrumb","itemListElement":[{"@type":"ListItem","position":1,"name":"Home","item":"https:\/\/veeohutus.ee\/kevad\/"},{"@type":"ListItem","position":2,"name":"Veekogule minnes"}]},{"@type":"WebSite","@id":"https:\/\/veeohutus.ee\/kevad\/#website","url":"https:\/\/veeohutus.ee\/kevad\/","name":"Veeohutus - Kevad","description":"Veeohutus - kevad","potentialAction":[{"@type":"SearchAction","target":{"@type":"EntryPoint","urlTemplate":"https:\/\/veeohutus.ee\/kevad\/?s={search_term_string}"},"query-input":{"@type":"PropertyValueSpecification","valueRequired":true,"valueName":"search_term_string"}}],"inLanguage":"et"}]}},"_links":{"self":[{"href":"https:\/\/veeohutus.ee\/kevad\/wp-json\/wp\/v2\/pages\/149","targetHints":{"allow":["GET"]}}],"collection":[{"href":"https:\/\/veeohutus.ee\/kevad\/wp-json\/wp\/v2\/pages"}],"about":[{"href":"https:\/\/veeohutus.ee\/kevad\/wp-json\/wp\/v2\/types\/page"}],"author":[{"embeddable":true,"href":"https:\/\/veeohutus.ee\/kevad\/wp-json\/wp\/v2\/users\/2"}],"replies":[{"embeddable":true,"href":"https:\/\/veeohutus.ee\/kevad\/wp-json\/wp\/v2\/comments?post=149"}],"version-history":[{"count":2,"href":"https:\/\/veeohutus.ee\/kevad\/wp-json\/wp\/v2\/pages\/149\/revisions"}],"predecessor-version":[{"id":367,"href":"https:\/\/veeohutus.ee\/kevad\/wp-json\/wp\/v2\/pages\/149\/revisions\/367"}],"wp:featuredmedia":[{"embeddable":true,"href":"https:\/\/veeohutus.ee\/kevad\/wp-json\/wp\/v2\/media\/115"}],"wp:attachment":[{"href":"https:\/\/veeohutus.ee\/kevad\/wp-json\/wp\/v2\/media?parent=149"}],"curies":[{"name":"wp","href":"https:\/\/api.w.org\/{rel}","templated":true}]}}

<ul>
<li>Teavita oma lähedasi/kaaslasi enne, kui alustad paadisõitu;</li>
<li>Riietu vastavalt ilmastiku tingimustele, kalale minnes tuleb võimalusel kanda spetsiaalselt kalameestele mõeldud ujuvaid riideid;</li>
<li>Enne paadisõitu veendu, et kogu päästevarustus on pardal ja töökorras ning kõikidel sõitjatel on Päästevestid korrektselt seljas;</li>
<li>Pane laetud mobiiltelefon veekindlasse ümbrisesse;</li>
<li>Ära koorma paati üle;</li>
<li>Paati sisenedes või paadist väljudes liigu paadi keskosas;</li>
<li>Paadis viibitakse istudes, ära tõuse püsti;</li>
<li>Ära kiiguta paati, ära tõukle ega proovi kedagi vette lükata;</li>
<li>Kui on vajadus vahetada kohti, siis liigub üks inimene korraga, liigu madalalt;</li>
<li>Koonda raskuskese paadi keskele ja hoia paati tasakaalus;</li>
<li>Kui on vajadus siseneda paati veest, tee seda paadi vöörist või ahtrist;<br />
Jälgi ilmastikuolusid.</li>
</ul>
<p>Loe lisaks inforaamatut: <strong><a href="https://veeteedeamet.ee/sites/default/files/content-editors/abiks_paadimehele_2018.pdf">Abiks paadimehele</a></strong></p>
<p><strong>Vaata, kuidas ohutult kalal käia:</strong></p>
<p><iframe loading="lazy" title="Ohutult kalale  - Osa 1. Kahlamispüksid" width="680" height="383" src="https://www.youtube.com/embed/bhdAafVPIBs?feature=oembed" frameborder="0" allow="accelerometer; autoplay; clipboard-write; encrypted-media; gyroscope; picture-in-picture" allowfullscreen></iframe></p>
<p><iframe loading="lazy" title="Ohutult kalale - Osa 2. Paadiga veele" width="680" height="383" src="https://www.youtube.com/embed/7tr_lNC48-Q?feature=oembed" frameborder="0" allow="accelerometer; autoplay; clipboard-write; encrypted-media; gyroscope; picture-in-picture" allowfullscreen></iframe></p>

<p>Teavita oma lähedasi/kaaslasi enne, kui alustad paadisõitu; Riietu vastavalt ilmastiku tingimustele, kalale minnes tuleb võimalusel kanda spetsiaalselt kalameestele mõeldud ujuvaid riideid; Enne paadisõitu veendu, et kogu päästevarustus on pardal ja töökorras ning kõikidel sõitjatel on Päästevestid korrektselt seljas; Pane laetud mobiiltelefon veekindlasse ümbrisesse; Ära koorma paati üle; Paati sisenedes või paadist väljudes liigu paadi keskosas;&#8230;  <a class="excerpt-read-more" href="https://veeohutus.ee/kevad/veekogule-minnes/" title="Read Veekogule minnes">Read more</a></p>

<!-- This site is optimized with the Yoast SEO plugin v26.7 - https://yoast.com/wordpress/plugins/seo/ -->
<title>Veekogule minnes - Veeohutus - Kevad</title>
<meta name="robots" content="index, follow, max-snippet:-1, max-image-preview:large, max-video-preview:-1" />
<link rel="canonical" href="https://veeohutus.ee/kevad/veekogule-minnes/" />
<meta property="og:locale" content="et_EE" />
<meta property="og:type" content="article" />
<meta property="og:title" content="Veekogule minnes - Veeohutus - Kevad" />
<meta property="og:description" content="Teavita oma lähedasi/kaaslasi enne, kui alustad paadisõitu; Riietu vastavalt ilmastiku tingimustele, kalale minnes tuleb võimalusel kanda spetsiaalselt kalameestele mõeldud ujuvaid riideid; Enne paadisõitu veendu, et kogu päästevarustus on pardal ja töökorras ning kõikidel sõitjatel on Päästevestid korrektselt seljas; Pane laetud mobiiltelefon veekindlasse ümbrisesse; Ära koorma paati üle; Paati sisenedes või paadist väljudes liigu paadi keskosas;... Read more" />
<meta property="og:url" content="https://veeohutus.ee/kevad/veekogule-minnes/" />
<meta property="og:site_name" content="Veeohutus - Kevad" />
<meta property="article:modified_time" content="2022-04-11T07:27:29+00:00" />
<meta property="og:image" content="https://veeohutus.ee/kevad/wp-content/uploads/sites/2/2019/08/river-3328495_1920.jpg" />
	<meta property="og:image:width" content="1920" />
	<meta property="og:image:height" content="1280" />
	<meta property="og:image:type" content="image/jpeg" />
<meta name="twitter:card" content="summary_large_image" />
<meta name="twitter:label1" content="Est. reading time" />
	<meta name="twitter:data1" content="1 minut" />
<script type="application/ld+json" class="yoast-schema-graph">{"@context":"https://schema.org","@graph":[{"@type":"WebPage","@id":"https://veeohutus.ee/kevad/veekogule-minnes/","url":"https://veeohutus.ee/kevad/veekogule-minnes/","name":"Veekogule minnes - Veeohutus - Kevad","isPartOf":{"@id":"https://veeohutus.ee/kevad/#website"},"primaryImageOfPage":{"@id":"https://veeohutus.ee/kevad/veekogule-minnes/#primaryimage"},"image":{"@id":"https://veeohutus.ee/kevad/veekogule-minnes/#primaryimage"},"thumbnailUrl":"https://veeohutus.ee/kevad/wp-content/uploads/sites/2/2019/08/river-3328495_1920.jpg","datePublished":"2019-08-05T12:02:32+00:00","dateModified":"2022-04-11T07:27:29+00:00","breadcrumb":{"@id":"https://veeohutus.ee/kevad/veekogule-minnes/#breadcrumb"},"inLanguage":"et","potentialAction":[{"@type":"ReadAction","target":["https://veeohutus.ee/kevad/veekogule-minnes/"]}]},{"@type":"ImageObject","inLanguage":"et","@id":"https://veeohutus.ee/kevad/veekogule-minnes/#primaryimage","url":"https://veeohutus.ee/kevad/wp-content/uploads/sites/2/2019/08/river-3328495_1920.jpg","contentUrl":"https://veeohutus.ee/kevad/wp-content/uploads/sites/2/2019/08/river-3328495_1920.jpg","width":1920,"height":1280},{"@type":"BreadcrumbList","@id":"https://veeohutus.ee/kevad/veekogule-minnes/#breadcrumb","itemListElement":[{"@type":"ListItem","position":1,"name":"Home","item":"https://veeohutus.ee/kevad/"},{"@type":"ListItem","position":2,"name":"Veekogule minnes"}]},{"@type":"WebSite","@id":"https://veeohutus.ee/kevad/#website","url":"https://veeohutus.ee/kevad/","name":"Veeohutus - Kevad","description":"Veeohutus - kevad","potentialAction":[{"@type":"SearchAction","target":{"@type":"EntryPoint","urlTemplate":"https://veeohutus.ee/kevad/?s={search_term_string}"},"query-input":{"@type":"PropertyValueSpecification","valueRequired":true,"valueName":"search_term_string"}}],"inLanguage":"et"}]}</script>
<!-- / Yoast SEO plugin. -->

Teavita oma lähedasi/kaaslasi enne, kui alustad paadisõitu; Riietu vastavalt ilmastiku tingimustele, kalale minnes tuleb võimalusel kanda spetsiaalselt kalameestele mõeldud ujuvaid riideid; Enne paadisõitu veendu, et kogu päästevarustus on pardal ja töökorras ning kõikidel sõitjatel on Päästevestid korrektselt seljas; Pane laetud mobiiltelefon veekindlasse ümbrisesse; Ära koorma paati üle; Paati sisenedes või paadist väljudes liigu paadi keskosas;... Read more
