{"id":219,"date":"2019-08-05T12:51:23","date_gmt":"2019-08-05T12:51:23","guid":{"rendered":"https:\/\/veeohutus.ee\/kevad\/?page_id=219"},"modified":"2019-08-05T12:51:23","modified_gmt":"2019-08-05T12:51:23","slug":"mis-voib-juhtuda","status":"publish","type":"page","link":"https:\/\/veeohutus.ee\/kevad\/mis-voib-juhtuda\/","title":{"rendered":"Mis v\u00f5ib juhtuda"},"content":{"rendered":"<h3>Vanusega on risk suurem<\/h3>\n<ul>\n<li>Eakatel v\u00f5ib tekkida probleeme veest v\u00e4lja saamisel v\u00e4henenud lihasj\u00f5udluse ja liigeste probleemide t\u00f5ttu<\/li>\n<li>Krooniliste haiguste olemasolul v\u00f5ib f\u00fc\u00fcsiline koormus soodustada s\u00fcdame r\u00fctmih\u00e4irete teket v\u00f5i epilepsiahoo vallandumist<\/li>\n<li>Ujudes hingab inimene sisse rohkem, kui organism vajab, mille tulemusel v\u00f5ib tekkida ajuarterite spasm ja j\u00e4rgneda teadvuse kaotus.<\/li>\n<li>Ujumine v\u00f5ib tekitada jalakrampe, mis v\u00f5ib viia paanika ja uppumiseni.<\/li>\n<\/ul>\n","protected":false},"excerpt":{"rendered":"<p>Vanusega on risk suurem Eakatel v\u00f5ib tekkida probleeme veest v\u00e4lja saamisel v\u00e4henenud lihasj\u00f5udluse ja liigeste probleemide t\u00f5ttu Krooniliste haiguste olemasolul v\u00f5ib f\u00fc\u00fcsiline koormus soodustada s\u00fcdame r\u00fctmih\u00e4irete teket v\u00f5i epilepsiahoo vallandumist Ujudes hingab inimene sisse rohkem, kui organism vajab, mille tulemusel v\u00f5ib tekkida ajuarterite spasm ja j\u00e4rgneda teadvuse kaotus. Ujumine v\u00f5ib tekitada jalakrampe, mis v\u00f5ib viia&#8230;  <a class=\"excerpt-read-more\" href=\"https:\/\/veeohutus.ee\/kevad\/mis-voib-juhtuda\/\" title=\"Read Mis v\u00f5ib juhtuda\">Read more<\/a><\/p>\n","protected":false},"author":2,"featured_media":206,"parent":0,"menu_order":0,"comment_status":"closed","ping_status":"closed","template":"","meta":{"_acf_changed":false,"footnotes":""},"class_list":["post-219","page","type-page","status-publish","has-post-thumbnail","hentry"],"acf":[],"yoast_head":"<!-- This site is optimized with the Yoast SEO plugin v26.7 - https:\/\/yoast.com\/wordpress\/plugins\/seo\/ -->\n<title>Mis v\u00f5ib juhtuda - Veeohutus - Kevad<\/title>\n<meta name=\"robots\" content=\"index, follow, max-snippet:-1, max-image-preview:large, max-video-preview:-1\" \/>\n<link rel=\"canonical\" href=\"https:\/\/veeohutus.ee\/kevad\/mis-voib-juhtuda\/\" \/>\n<meta property=\"og:locale\" content=\"et_EE\" \/>\n<meta property=\"og:type\" content=\"article\" \/>\n<meta property=\"og:title\" content=\"Mis v\u00f5ib juhtuda - Veeohutus - Kevad\" \/>\n<meta property=\"og:description\" content=\"Vanusega on risk suurem Eakatel v\u00f5ib tekkida probleeme veest v\u00e4lja saamisel v\u00e4henenud lihasj\u00f5udluse ja liigeste probleemide t\u00f5ttu Krooniliste haiguste olemasolul v\u00f5ib f\u00fc\u00fcsiline koormus soodustada s\u00fcdame r\u00fctmih\u00e4irete teket v\u00f5i epilepsiahoo vallandumist Ujudes hingab inimene sisse rohkem, kui organism vajab, mille tulemusel v\u00f5ib tekkida ajuarterite spasm ja j\u00e4rgneda teadvuse kaotus. Ujumine v\u00f5ib tekitada jalakrampe, mis v\u00f5ib viia... Read more\" \/>\n<meta property=\"og:url\" content=\"https:\/\/veeohutus.ee\/kevad\/mis-voib-juhtuda\/\" \/>\n<meta property=\"og:site_name\" content=\"Veeohutus - Kevad\" \/>\n<meta property=\"og:image\" content=\"https:\/\/veeohutus.ee\/kevad\/wp-content\/uploads\/sites\/2\/2019\/08\/veeohutus_kastekann_1320x320_tekstivaba-1.png\" \/>\n\t<meta property=\"og:image:width\" content=\"1296\" \/>\n\t<meta property=\"og:image:height\" content=\"314\" \/>\n\t<meta property=\"og:image:type\" content=\"image\/png\" \/>\n<meta name=\"twitter:card\" content=\"summary_large_image\" \/>\n<script type=\"application\/ld+json\" class=\"yoast-schema-graph\">{\"@context\":\"https:\/\/schema.org\",\"@graph\":[{\"@type\":\"WebPage\",\"@id\":\"https:\/\/veeohutus.ee\/kevad\/mis-voib-juhtuda\/\",\"url\":\"https:\/\/veeohutus.ee\/kevad\/mis-voib-juhtuda\/\",\"name\":\"Mis v\u00f5ib juhtuda - Veeohutus - Kevad\",\"isPartOf\":{\"@id\":\"https:\/\/veeohutus.ee\/kevad\/#website\"},\"primaryImageOfPage\":{\"@id\":\"https:\/\/veeohutus.ee\/kevad\/mis-voib-juhtuda\/#primaryimage\"},\"image\":{\"@id\":\"https:\/\/veeohutus.ee\/kevad\/mis-voib-juhtuda\/#primaryimage\"},\"thumbnailUrl\":\"https:\/\/veeohutus.ee\/kevad\/wp-content\/uploads\/sites\/2\/2019\/08\/veeohutus_kastekann_1320x320_tekstivaba-1.png\",\"datePublished\":\"2019-08-05T12:51:23+00:00\",\"breadcrumb\":{\"@id\":\"https:\/\/veeohutus.ee\/kevad\/mis-voib-juhtuda\/#breadcrumb\"},\"inLanguage\":\"et\",\"potentialAction\":[{\"@type\":\"ReadAction\",\"target\":[\"https:\/\/veeohutus.ee\/kevad\/mis-voib-juhtuda\/\"]}]},{\"@type\":\"ImageObject\",\"inLanguage\":\"et\",\"@id\":\"https:\/\/veeohutus.ee\/kevad\/mis-voib-juhtuda\/#primaryimage\",\"url\":\"https:\/\/veeohutus.ee\/kevad\/wp-content\/uploads\/sites\/2\/2019\/08\/veeohutus_kastekann_1320x320_tekstivaba-1.png\",\"contentUrl\":\"https:\/\/veeohutus.ee\/kevad\/wp-content\/uploads\/sites\/2\/2019\/08\/veeohutus_kastekann_1320x320_tekstivaba-1.png\",\"width\":1296,\"height\":314},{\"@type\":\"BreadcrumbList\",\"@id\":\"https:\/\/veeohutus.ee\/kevad\/mis-voib-juhtuda\/#breadcrumb\",\"itemListElement\":[{\"@type\":\"ListItem\",\"position\":1,\"name\":\"Home\",\"item\":\"https:\/\/veeohutus.ee\/kevad\/\"},{\"@type\":\"ListItem\",\"position\":2,\"name\":\"Mis v\u00f5ib juhtuda\"}]},{\"@type\":\"WebSite\",\"@id\":\"https:\/\/veeohutus.ee\/kevad\/#website\",\"url\":\"https:\/\/veeohutus.ee\/kevad\/\",\"name\":\"Veeohutus - Kevad\",\"description\":\"Veeohutus - kevad\",\"potentialAction\":[{\"@type\":\"SearchAction\",\"target\":{\"@type\":\"EntryPoint\",\"urlTemplate\":\"https:\/\/veeohutus.ee\/kevad\/?s={search_term_string}\"},\"query-input\":{\"@type\":\"PropertyValueSpecification\",\"valueRequired\":true,\"valueName\":\"search_term_string\"}}],\"inLanguage\":\"et\"}]}<\/script>\n<!-- \/ Yoast SEO plugin. -->","yoast_head_json":{"title":"Mis v\u00f5ib juhtuda - Veeohutus - Kevad","robots":{"index":"index","follow":"follow","max-snippet":"max-snippet:-1","max-image-preview":"max-image-preview:large","max-video-preview":"max-video-preview:-1"},"canonical":"https:\/\/veeohutus.ee\/kevad\/mis-voib-juhtuda\/","og_locale":"et_EE","og_type":"article","og_title":"Mis v\u00f5ib juhtuda - Veeohutus - Kevad","og_description":"Vanusega on risk suurem Eakatel v\u00f5ib tekkida probleeme veest v\u00e4lja saamisel v\u00e4henenud lihasj\u00f5udluse ja liigeste probleemide t\u00f5ttu Krooniliste haiguste olemasolul v\u00f5ib f\u00fc\u00fcsiline koormus soodustada s\u00fcdame r\u00fctmih\u00e4irete teket v\u00f5i epilepsiahoo vallandumist Ujudes hingab inimene sisse rohkem, kui organism vajab, mille tulemusel v\u00f5ib tekkida ajuarterite spasm ja j\u00e4rgneda teadvuse kaotus. Ujumine v\u00f5ib tekitada jalakrampe, mis v\u00f5ib viia... Read more","og_url":"https:\/\/veeohutus.ee\/kevad\/mis-voib-juhtuda\/","og_site_name":"Veeohutus - Kevad","og_image":[{"width":1296,"height":314,"url":"https:\/\/veeohutus.ee\/kevad\/wp-content\/uploads\/sites\/2\/2019\/08\/veeohutus_kastekann_1320x320_tekstivaba-1.png","type":"image\/png"}],"twitter_card":"summary_large_image","schema":{"@context":"https:\/\/schema.org","@graph":[{"@type":"WebPage","@id":"https:\/\/veeohutus.ee\/kevad\/mis-voib-juhtuda\/","url":"https:\/\/veeohutus.ee\/kevad\/mis-voib-juhtuda\/","name":"Mis v\u00f5ib juhtuda - Veeohutus - Kevad","isPartOf":{"@id":"https:\/\/veeohutus.ee\/kevad\/#website"},"primaryImageOfPage":{"@id":"https:\/\/veeohutus.ee\/kevad\/mis-voib-juhtuda\/#primaryimage"},"image":{"@id":"https:\/\/veeohutus.ee\/kevad\/mis-voib-juhtuda\/#primaryimage"},"thumbnailUrl":"https:\/\/veeohutus.ee\/kevad\/wp-content\/uploads\/sites\/2\/2019\/08\/veeohutus_kastekann_1320x320_tekstivaba-1.png","datePublished":"2019-08-05T12:51:23+00:00","breadcrumb":{"@id":"https:\/\/veeohutus.ee\/kevad\/mis-voib-juhtuda\/#breadcrumb"},"inLanguage":"et","potentialAction":[{"@type":"ReadAction","target":["https:\/\/veeohutus.ee\/kevad\/mis-voib-juhtuda\/"]}]},{"@type":"ImageObject","inLanguage":"et","@id":"https:\/\/veeohutus.ee\/kevad\/mis-voib-juhtuda\/#primaryimage","url":"https:\/\/veeohutus.ee\/kevad\/wp-content\/uploads\/sites\/2\/2019\/08\/veeohutus_kastekann_1320x320_tekstivaba-1.png","contentUrl":"https:\/\/veeohutus.ee\/kevad\/wp-content\/uploads\/sites\/2\/2019\/08\/veeohutus_kastekann_1320x320_tekstivaba-1.png","width":1296,"height":314},{"@type":"BreadcrumbList","@id":"https:\/\/veeohutus.ee\/kevad\/mis-voib-juhtuda\/#breadcrumb","itemListElement":[{"@type":"ListItem","position":1,"name":"Home","item":"https:\/\/veeohutus.ee\/kevad\/"},{"@type":"ListItem","position":2,"name":"Mis v\u00f5ib juhtuda"}]},{"@type":"WebSite","@id":"https:\/\/veeohutus.ee\/kevad\/#website","url":"https:\/\/veeohutus.ee\/kevad\/","name":"Veeohutus - Kevad","description":"Veeohutus - kevad","potentialAction":[{"@type":"SearchAction","target":{"@type":"EntryPoint","urlTemplate":"https:\/\/veeohutus.ee\/kevad\/?s={search_term_string}"},"query-input":{"@type":"PropertyValueSpecification","valueRequired":true,"valueName":"search_term_string"}}],"inLanguage":"et"}]}},"_links":{"self":[{"href":"https:\/\/veeohutus.ee\/kevad\/wp-json\/wp\/v2\/pages\/219","targetHints":{"allow":["GET"]}}],"collection":[{"href":"https:\/\/veeohutus.ee\/kevad\/wp-json\/wp\/v2\/pages"}],"about":[{"href":"https:\/\/veeohutus.ee\/kevad\/wp-json\/wp\/v2\/types\/page"}],"author":[{"embeddable":true,"href":"https:\/\/veeohutus.ee\/kevad\/wp-json\/wp\/v2\/users\/2"}],"replies":[{"embeddable":true,"href":"https:\/\/veeohutus.ee\/kevad\/wp-json\/wp\/v2\/comments?post=219"}],"version-history":[{"count":1,"href":"https:\/\/veeohutus.ee\/kevad\/wp-json\/wp\/v2\/pages\/219\/revisions"}],"predecessor-version":[{"id":220,"href":"https:\/\/veeohutus.ee\/kevad\/wp-json\/wp\/v2\/pages\/219\/revisions\/220"}],"wp:featuredmedia":[{"embeddable":true,"href":"https:\/\/veeohutus.ee\/kevad\/wp-json\/wp\/v2\/media\/206"}],"wp:attachment":[{"href":"https:\/\/veeohutus.ee\/kevad\/wp-json\/wp\/v2\/media?parent=219"}],"curies":[{"name":"wp","href":"https:\/\/api.w.org\/{rel}","templated":true}]}}