{"id":72,"date":"2019-08-01T12:30:58","date_gmt":"2019-08-01T12:30:58","guid":{"rendered":"https:\/\/veeohutus.ee\/kevad\/?page_id=72"},"modified":"2019-08-01T12:30:58","modified_gmt":"2019-08-01T12:30:58","slug":"kannatanu-abistamine","status":"publish","type":"page","link":"https:\/\/veeohutus.ee\/kevad\/kannatanu-abistamine\/","title":{"rendered":"Kannatanu abistamine"},"content":{"rendered":"<h1><strong>Kannatanu abistamine kaldalt<\/strong><\/h1>\n<ul>\n<li>Ulata kannatanule m\u00f5ni ese, n\u00e4iteks tugev puuoks, aer, lauajupp vms, basseinides v\u00f5ib olla selleks spetsiaalne teivas;<\/li>\n<li>Kui abivajaja on \u201ck\u00e4eulatuse\u201d kaugusest v\u00e4ljas, v\u00f5id heita talle p\u00e4\u00e4stevahendi, n\u00e4iteks p\u00e4\u00e4ster\u00f5nga, -poi v\u00f5i v\u00f5i viskeliini ja t\u00f5mmata kannatanu selle abil kaldale;<\/li>\n<li>Kui ei ole p\u00e4\u00e4stevahendeid, viska \u00fcksk\u00f5ik milline ujuv ese. Selleks sobib h\u00e4sti ka t\u00fchi \u00e4mber!<\/li>\n<\/ul>\n<h1><strong>Kannatanu abistamine vees<\/strong><\/h1>\n<ul>\n<li>Abista kannatanut vees, kui see on piisavalt madal ja sinu jalad ulatuvad p\u00f5hja;<\/li>\n<li>\u00c4ra mine vette kui vool, hoovus ja pehme p\u00f5hi teevad kannatanu vedamise raskeks;<\/li>\n<li>J\u00e4ta kannatanu ja enda vahele mingisugunegi ujuv-vahend;<\/li>\n<li>Kui kannatanu on saanud ujuvvahendist kinni, vea ta kaldale;<\/li>\n<li>Kui kannatanu on teadvuseta, keera ta selili ja vea ta kaldale v\u00f5i basseini madalasse otsa;<\/li>\n<li>Kui kannatanu on madalas vees, jalad p\u00f5hjas ning suudab seista, aseta kannatanu \u00fcks k\u00e4si \u00fcmber<\/li>\n<li>Oma kaela ja \u00fcle \u00f5la, haara risti tema k\u00e4elabast ning aita ta veest v\u00e4lja;<\/li>\n<li>Kui kannatanu on teadvuseta v\u00f5i v\u00e4ga raske, tuleb ta veest v\u00e4lja \u201clohistada\u201d, selleks seisa tema taha, Haara kaenlaalustest, toetades ta pea k\u00e4sivartele;<\/li>\n<li>Kui kannatanu libiseb \u00e4ra, lukusta oma k\u00e4ed tema rinnal ning \u201elohista\u201d ta kaldale.<\/li>\n<\/ul>\n","protected":false},"excerpt":{"rendered":"<p>Kannatanu abistamine kaldalt Ulata kannatanule m\u00f5ni ese, n\u00e4iteks tugev puuoks, aer, lauajupp vms, basseinides v\u00f5ib olla selleks spetsiaalne teivas; Kui abivajaja on \u201ck\u00e4eulatuse\u201d kaugusest v\u00e4ljas, v\u00f5id heita talle p\u00e4\u00e4stevahendi, n\u00e4iteks p\u00e4\u00e4ster\u00f5nga, -poi v\u00f5i v\u00f5i viskeliini ja t\u00f5mmata kannatanu selle abil kaldale; Kui ei ole p\u00e4\u00e4stevahendeid, viska \u00fcksk\u00f5ik milline ujuv ese. Selleks sobib h\u00e4sti ka t\u00fchi&#8230;  <a class=\"excerpt-read-more\" href=\"https:\/\/veeohutus.ee\/kevad\/kannatanu-abistamine\/\" title=\"Read Kannatanu abistamine\">Read more<\/a><\/p>\n","protected":false},"author":2,"featured_media":66,"parent":0,"menu_order":0,"comment_status":"closed","ping_status":"closed","template":"","meta":{"_acf_changed":false,"footnotes":""},"class_list":["post-72","page","type-page","status-publish","has-post-thumbnail","hentry"],"acf":[],"yoast_head":"<!-- This site is optimized with the Yoast SEO plugin v26.7 - https:\/\/yoast.com\/wordpress\/plugins\/seo\/ -->\n<title>Kannatanu abistamine - Veeohutus - Kevad<\/title>\n<meta name=\"robots\" content=\"index, follow, max-snippet:-1, max-image-preview:large, max-video-preview:-1\" \/>\n<link rel=\"canonical\" href=\"https:\/\/veeohutus.ee\/kevad\/kannatanu-abistamine\/\" \/>\n<meta property=\"og:locale\" content=\"et_EE\" \/>\n<meta property=\"og:type\" content=\"article\" \/>\n<meta property=\"og:title\" content=\"Kannatanu abistamine - Veeohutus - Kevad\" \/>\n<meta property=\"og:description\" content=\"Kannatanu abistamine kaldalt Ulata kannatanule m\u00f5ni ese, n\u00e4iteks tugev puuoks, aer, lauajupp vms, basseinides v\u00f5ib olla selleks spetsiaalne teivas; Kui abivajaja on \u201ck\u00e4eulatuse\u201d kaugusest v\u00e4ljas, v\u00f5id heita talle p\u00e4\u00e4stevahendi, n\u00e4iteks p\u00e4\u00e4ster\u00f5nga, -poi v\u00f5i v\u00f5i viskeliini ja t\u00f5mmata kannatanu selle abil kaldale; Kui ei ole p\u00e4\u00e4stevahendeid, viska \u00fcksk\u00f5ik milline ujuv ese. Selleks sobib h\u00e4sti ka t\u00fchi... Read more\" \/>\n<meta property=\"og:url\" content=\"https:\/\/veeohutus.ee\/kevad\/kannatanu-abistamine\/\" \/>\n<meta property=\"og:site_name\" content=\"Veeohutus - Kevad\" \/>\n<meta property=\"og:image\" content=\"https:\/\/veeohutus.ee\/kevad\/wp-content\/uploads\/sites\/2\/2019\/08\/paasterongas-1024x683.jpg\" \/>\n\t<meta property=\"og:image:width\" content=\"1024\" \/>\n\t<meta property=\"og:image:height\" content=\"683\" \/>\n\t<meta property=\"og:image:type\" content=\"image\/jpeg\" \/>\n<meta name=\"twitter:card\" content=\"summary_large_image\" \/>\n<meta name=\"twitter:label1\" content=\"Est. reading time\" \/>\n\t<meta name=\"twitter:data1\" content=\"1 minut\" \/>\n<script type=\"application\/ld+json\" class=\"yoast-schema-graph\">{\"@context\":\"https:\/\/schema.org\",\"@graph\":[{\"@type\":\"WebPage\",\"@id\":\"https:\/\/veeohutus.ee\/kevad\/kannatanu-abistamine\/\",\"url\":\"https:\/\/veeohutus.ee\/kevad\/kannatanu-abistamine\/\",\"name\":\"Kannatanu abistamine - Veeohutus - Kevad\",\"isPartOf\":{\"@id\":\"https:\/\/veeohutus.ee\/kevad\/#website\"},\"primaryImageOfPage\":{\"@id\":\"https:\/\/veeohutus.ee\/kevad\/kannatanu-abistamine\/#primaryimage\"},\"image\":{\"@id\":\"https:\/\/veeohutus.ee\/kevad\/kannatanu-abistamine\/#primaryimage\"},\"thumbnailUrl\":\"https:\/\/veeohutus.ee\/kevad\/wp-content\/uploads\/sites\/2\/2019\/08\/paasterongas-1024x683.jpg\",\"datePublished\":\"2019-08-01T12:30:58+00:00\",\"breadcrumb\":{\"@id\":\"https:\/\/veeohutus.ee\/kevad\/kannatanu-abistamine\/#breadcrumb\"},\"inLanguage\":\"et\",\"potentialAction\":[{\"@type\":\"ReadAction\",\"target\":[\"https:\/\/veeohutus.ee\/kevad\/kannatanu-abistamine\/\"]}]},{\"@type\":\"ImageObject\",\"inLanguage\":\"et\",\"@id\":\"https:\/\/veeohutus.ee\/kevad\/kannatanu-abistamine\/#primaryimage\",\"url\":\"https:\/\/veeohutus.ee\/kevad\/wp-content\/uploads\/sites\/2\/2019\/08\/paasterongas-1024x683.jpg\",\"contentUrl\":\"https:\/\/veeohutus.ee\/kevad\/wp-content\/uploads\/sites\/2\/2019\/08\/paasterongas-1024x683.jpg\",\"width\":1024,\"height\":683},{\"@type\":\"BreadcrumbList\",\"@id\":\"https:\/\/veeohutus.ee\/kevad\/kannatanu-abistamine\/#breadcrumb\",\"itemListElement\":[{\"@type\":\"ListItem\",\"position\":1,\"name\":\"Home\",\"item\":\"https:\/\/veeohutus.ee\/kevad\/\"},{\"@type\":\"ListItem\",\"position\":2,\"name\":\"Kannatanu abistamine\"}]},{\"@type\":\"WebSite\",\"@id\":\"https:\/\/veeohutus.ee\/kevad\/#website\",\"url\":\"https:\/\/veeohutus.ee\/kevad\/\",\"name\":\"Veeohutus - Kevad\",\"description\":\"Veeohutus - kevad\",\"potentialAction\":[{\"@type\":\"SearchAction\",\"target\":{\"@type\":\"EntryPoint\",\"urlTemplate\":\"https:\/\/veeohutus.ee\/kevad\/?s={search_term_string}\"},\"query-input\":{\"@type\":\"PropertyValueSpecification\",\"valueRequired\":true,\"valueName\":\"search_term_string\"}}],\"inLanguage\":\"et\"}]}<\/script>\n<!-- \/ Yoast SEO plugin. -->","yoast_head_json":{"title":"Kannatanu abistamine - Veeohutus - Kevad","robots":{"index":"index","follow":"follow","max-snippet":"max-snippet:-1","max-image-preview":"max-image-preview:large","max-video-preview":"max-video-preview:-1"},"canonical":"https:\/\/veeohutus.ee\/kevad\/kannatanu-abistamine\/","og_locale":"et_EE","og_type":"article","og_title":"Kannatanu abistamine - Veeohutus - Kevad","og_description":"Kannatanu abistamine kaldalt Ulata kannatanule m\u00f5ni ese, n\u00e4iteks tugev puuoks, aer, lauajupp vms, basseinides v\u00f5ib olla selleks spetsiaalne teivas; Kui abivajaja on \u201ck\u00e4eulatuse\u201d kaugusest v\u00e4ljas, v\u00f5id heita talle p\u00e4\u00e4stevahendi, n\u00e4iteks p\u00e4\u00e4ster\u00f5nga, -poi v\u00f5i v\u00f5i viskeliini ja t\u00f5mmata kannatanu selle abil kaldale; Kui ei ole p\u00e4\u00e4stevahendeid, viska \u00fcksk\u00f5ik milline ujuv ese. Selleks sobib h\u00e4sti ka t\u00fchi... Read more","og_url":"https:\/\/veeohutus.ee\/kevad\/kannatanu-abistamine\/","og_site_name":"Veeohutus - Kevad","og_image":[{"width":1024,"height":683,"url":"https:\/\/veeohutus.ee\/kevad\/wp-content\/uploads\/sites\/2\/2019\/08\/paasterongas-1024x683.jpg","type":"image\/jpeg"}],"twitter_card":"summary_large_image","twitter_misc":{"Est. reading time":"1 minut"},"schema":{"@context":"https:\/\/schema.org","@graph":[{"@type":"WebPage","@id":"https:\/\/veeohutus.ee\/kevad\/kannatanu-abistamine\/","url":"https:\/\/veeohutus.ee\/kevad\/kannatanu-abistamine\/","name":"Kannatanu abistamine - Veeohutus - Kevad","isPartOf":{"@id":"https:\/\/veeohutus.ee\/kevad\/#website"},"primaryImageOfPage":{"@id":"https:\/\/veeohutus.ee\/kevad\/kannatanu-abistamine\/#primaryimage"},"image":{"@id":"https:\/\/veeohutus.ee\/kevad\/kannatanu-abistamine\/#primaryimage"},"thumbnailUrl":"https:\/\/veeohutus.ee\/kevad\/wp-content\/uploads\/sites\/2\/2019\/08\/paasterongas-1024x683.jpg","datePublished":"2019-08-01T12:30:58+00:00","breadcrumb":{"@id":"https:\/\/veeohutus.ee\/kevad\/kannatanu-abistamine\/#breadcrumb"},"inLanguage":"et","potentialAction":[{"@type":"ReadAction","target":["https:\/\/veeohutus.ee\/kevad\/kannatanu-abistamine\/"]}]},{"@type":"ImageObject","inLanguage":"et","@id":"https:\/\/veeohutus.ee\/kevad\/kannatanu-abistamine\/#primaryimage","url":"https:\/\/veeohutus.ee\/kevad\/wp-content\/uploads\/sites\/2\/2019\/08\/paasterongas-1024x683.jpg","contentUrl":"https:\/\/veeohutus.ee\/kevad\/wp-content\/uploads\/sites\/2\/2019\/08\/paasterongas-1024x683.jpg","width":1024,"height":683},{"@type":"BreadcrumbList","@id":"https:\/\/veeohutus.ee\/kevad\/kannatanu-abistamine\/#breadcrumb","itemListElement":[{"@type":"ListItem","position":1,"name":"Home","item":"https:\/\/veeohutus.ee\/kevad\/"},{"@type":"ListItem","position":2,"name":"Kannatanu abistamine"}]},{"@type":"WebSite","@id":"https:\/\/veeohutus.ee\/kevad\/#website","url":"https:\/\/veeohutus.ee\/kevad\/","name":"Veeohutus - Kevad","description":"Veeohutus - kevad","potentialAction":[{"@type":"SearchAction","target":{"@type":"EntryPoint","urlTemplate":"https:\/\/veeohutus.ee\/kevad\/?s={search_term_string}"},"query-input":{"@type":"PropertyValueSpecification","valueRequired":true,"valueName":"search_term_string"}}],"inLanguage":"et"}]}},"_links":{"self":[{"href":"https:\/\/veeohutus.ee\/kevad\/wp-json\/wp\/v2\/pages\/72","targetHints":{"allow":["GET"]}}],"collection":[{"href":"https:\/\/veeohutus.ee\/kevad\/wp-json\/wp\/v2\/pages"}],"about":[{"href":"https:\/\/veeohutus.ee\/kevad\/wp-json\/wp\/v2\/types\/page"}],"author":[{"embeddable":true,"href":"https:\/\/veeohutus.ee\/kevad\/wp-json\/wp\/v2\/users\/2"}],"replies":[{"embeddable":true,"href":"https:\/\/veeohutus.ee\/kevad\/wp-json\/wp\/v2\/comments?post=72"}],"version-history":[{"count":1,"href":"https:\/\/veeohutus.ee\/kevad\/wp-json\/wp\/v2\/pages\/72\/revisions"}],"predecessor-version":[{"id":73,"href":"https:\/\/veeohutus.ee\/kevad\/wp-json\/wp\/v2\/pages\/72\/revisions\/73"}],"wp:featuredmedia":[{"embeddable":true,"href":"https:\/\/veeohutus.ee\/kevad\/wp-json\/wp\/v2\/media\/66"}],"wp:attachment":[{"href":"https:\/\/veeohutus.ee\/kevad\/wp-json\/wp\/v2\/media?parent=72"}],"curies":[{"name":"wp","href":"https:\/\/api.w.org\/{rel}","templated":true}]}}