{"id":347,"date":"2018-10-04T08:21:42","date_gmt":"2018-10-04T08:21:42","guid":{"rendered":"https:\/\/veeohutus.ee\/sugis\/?page_id=347"},"modified":"2019-11-19T09:56:09","modified_gmt":"2019-11-19T09:56:09","slug":"ara-mine-norgale-jaale","status":"publish","type":"page","link":"https:\/\/veeohutus.ee\/sugis\/ara-mine-norgale-jaale\/","title":{"rendered":"\u00c4ra mine n\u00f5rgale j\u00e4\u00e4le"},"content":{"rendered":"<p>Eestis hakkavad veekogud j\u00e4\u00e4tuma hiliss\u00fcgisel, novembris. K\u00fclma talve korral p\u00fcsib j\u00e4\u00e4 kuni varakevadeni, m\u00e4rtsini. Sel perioodil liiguvad inimesed j\u00e4\u00e4l \u2013 uisutatakse, p\u00fc\u00fctakse kala ja tugeva j\u00e4\u00e4 korral \u00fcletatakse j\u00e4\u00e4d isegi autodega. Sellesse perioodi j\u00e4\u00e4vad ka kahjuks \u00f5nnetused, mis toimuvad veekogudel.<\/p>\n<p>Statistika j\u00e4rgi toimuvad j\u00e4\u00e4tunud veekogudel \u00f5nnetused just s\u00fcgiseti ja kevadeti ehk perioodil, mil j\u00e4\u00e4 on n\u00f5rk. Paljud samalaadsed \u00f5nnetused j\u00e4\u00e4ksid toimumata, kui inimestel oleks baasteadmised j\u00e4\u00e4 tekkimisest ja olemusest.<\/p>\n<p>&nbsp;<\/p>\n<p><iframe loading=\"lazy\" width=\"680\" height=\"383\" src=\"https:\/\/www.youtube.com\/embed\/MCmtP4_Fj6M?start=27&#038;feature=oembed\" frameborder=\"0\" allow=\"autoplay; encrypted-media\" allowfullscreen><\/iframe><\/p>\n","protected":false},"excerpt":{"rendered":"<p>Eestis hakkavad veekogud j\u00e4\u00e4tuma hiliss\u00fcgisel, novembris. K\u00fclma talve korral p\u00fcsib j\u00e4\u00e4 kuni varakevadeni, m\u00e4rtsini. Sel perioodil liiguvad inimesed j\u00e4\u00e4l \u2013 uisutatakse, p\u00fc\u00fctakse kala ja tugeva j\u00e4\u00e4 korral \u00fcletatakse j\u00e4\u00e4d isegi autodega. Sellesse perioodi j\u00e4\u00e4vad ka kahjuks \u00f5nnetused, mis toimuvad veekogudel. Statistika j\u00e4rgi toimuvad j\u00e4\u00e4tunud veekogudel \u00f5nnetused just s\u00fcgiseti ja kevadeti ehk perioodil, mil j\u00e4\u00e4 on&#8230;  <a class=\"excerpt-read-more\" href=\"https:\/\/veeohutus.ee\/sugis\/ara-mine-norgale-jaale\/\" title=\"Read \u00c4ra mine n\u00f5rgale j\u00e4\u00e4le\">Read more<\/a><\/p>\n","protected":false},"author":2,"featured_media":225,"parent":0,"menu_order":0,"comment_status":"closed","ping_status":"closed","template":"","meta":{"_acf_changed":false,"footnotes":""},"class_list":["post-347","page","type-page","status-publish","has-post-thumbnail","hentry"],"acf":[],"yoast_head":"<!-- This site is optimized with the Yoast SEO plugin v26.7 - https:\/\/yoast.com\/wordpress\/plugins\/seo\/ -->\n<title>\u00c4ra mine n\u00f5rgale j\u00e4\u00e4le - Veeohutus - S\u00fcgis<\/title>\n<meta name=\"description\" content=\"Eestis hakkavad veekogud j\u00e4\u00e4tuma hiliss\u00fcgisel. Vaata videost, mis v\u00f5ib juhtuda, kui l\u00e4hed n\u00f5rgale j\u00e4\u00e4le.\" \/>\n<meta name=\"robots\" content=\"index, follow, max-snippet:-1, max-image-preview:large, max-video-preview:-1\" \/>\n<link rel=\"canonical\" href=\"https:\/\/veeohutus.ee\/sugis\/ara-mine-norgale-jaale\/\" \/>\n<meta property=\"og:locale\" content=\"et_EE\" \/>\n<meta property=\"og:type\" content=\"article\" \/>\n<meta property=\"og:title\" content=\"\u00c4ra mine n\u00f5rgale j\u00e4\u00e4le - Veeohutus - S\u00fcgis\" \/>\n<meta property=\"og:description\" content=\"Eestis hakkavad veekogud j\u00e4\u00e4tuma hiliss\u00fcgisel. Vaata videost, mis v\u00f5ib juhtuda, kui l\u00e4hed n\u00f5rgale j\u00e4\u00e4le.\" \/>\n<meta property=\"og:url\" content=\"https:\/\/veeohutus.ee\/sugis\/ara-mine-norgale-jaale\/\" \/>\n<meta property=\"og:site_name\" content=\"Veeohutus - S\u00fcgis\" \/>\n<meta property=\"article:modified_time\" content=\"2019-11-19T09:56:09+00:00\" \/>\n<meta property=\"og:image\" content=\"https:\/\/veeohutus.ee\/sugis\/wp-content\/uploads\/sites\/4\/2018\/09\/hoiatiikkorras.jpg\" \/>\n\t<meta property=\"og:image:width\" content=\"1520\" \/>\n\t<meta property=\"og:image:height\" content=\"1006\" \/>\n\t<meta property=\"og:image:type\" content=\"image\/jpeg\" \/>\n<meta name=\"twitter:card\" content=\"summary_large_image\" \/>\n<script type=\"application\/ld+json\" class=\"yoast-schema-graph\">{\"@context\":\"https:\/\/schema.org\",\"@graph\":[{\"@type\":\"WebPage\",\"@id\":\"https:\/\/veeohutus.ee\/sugis\/ara-mine-norgale-jaale\/\",\"url\":\"https:\/\/veeohutus.ee\/sugis\/ara-mine-norgale-jaale\/\",\"name\":\"\u00c4ra mine n\u00f5rgale j\u00e4\u00e4le - Veeohutus - S\u00fcgis\",\"isPartOf\":{\"@id\":\"https:\/\/veeohutus.ee\/sugis\/#website\"},\"primaryImageOfPage\":{\"@id\":\"https:\/\/veeohutus.ee\/sugis\/ara-mine-norgale-jaale\/#primaryimage\"},\"image\":{\"@id\":\"https:\/\/veeohutus.ee\/sugis\/ara-mine-norgale-jaale\/#primaryimage\"},\"thumbnailUrl\":\"https:\/\/veeohutus.ee\/sugis\/wp-content\/uploads\/sites\/4\/2018\/09\/hoiatiikkorras.jpg\",\"datePublished\":\"2018-10-04T08:21:42+00:00\",\"dateModified\":\"2019-11-19T09:56:09+00:00\",\"description\":\"Eestis hakkavad veekogud j\u00e4\u00e4tuma hiliss\u00fcgisel. Vaata videost, mis v\u00f5ib juhtuda, kui l\u00e4hed n\u00f5rgale j\u00e4\u00e4le.\",\"breadcrumb\":{\"@id\":\"https:\/\/veeohutus.ee\/sugis\/ara-mine-norgale-jaale\/#breadcrumb\"},\"inLanguage\":\"et\",\"potentialAction\":[{\"@type\":\"ReadAction\",\"target\":[\"https:\/\/veeohutus.ee\/sugis\/ara-mine-norgale-jaale\/\"]}]},{\"@type\":\"ImageObject\",\"inLanguage\":\"et\",\"@id\":\"https:\/\/veeohutus.ee\/sugis\/ara-mine-norgale-jaale\/#primaryimage\",\"url\":\"https:\/\/veeohutus.ee\/sugis\/wp-content\/uploads\/sites\/4\/2018\/09\/hoiatiikkorras.jpg\",\"contentUrl\":\"https:\/\/veeohutus.ee\/sugis\/wp-content\/uploads\/sites\/4\/2018\/09\/hoiatiikkorras.jpg\",\"width\":1520,\"height\":1006},{\"@type\":\"BreadcrumbList\",\"@id\":\"https:\/\/veeohutus.ee\/sugis\/ara-mine-norgale-jaale\/#breadcrumb\",\"itemListElement\":[{\"@type\":\"ListItem\",\"position\":1,\"name\":\"Home\",\"item\":\"https:\/\/veeohutus.ee\/sugis\/\"},{\"@type\":\"ListItem\",\"position\":2,\"name\":\"\u00c4ra mine n\u00f5rgale j\u00e4\u00e4le\"}]},{\"@type\":\"WebSite\",\"@id\":\"https:\/\/veeohutus.ee\/sugis\/#website\",\"url\":\"https:\/\/veeohutus.ee\/sugis\/\",\"name\":\"Veeohutus - S\u00fcgis\",\"description\":\"Just another P\u00e4\u00e4steamet - Veeohutus site\",\"potentialAction\":[{\"@type\":\"SearchAction\",\"target\":{\"@type\":\"EntryPoint\",\"urlTemplate\":\"https:\/\/veeohutus.ee\/sugis\/?s={search_term_string}\"},\"query-input\":{\"@type\":\"PropertyValueSpecification\",\"valueRequired\":true,\"valueName\":\"search_term_string\"}}],\"inLanguage\":\"et\"}]}<\/script>\n<!-- \/ Yoast SEO plugin. -->","yoast_head_json":{"title":"\u00c4ra mine n\u00f5rgale j\u00e4\u00e4le - Veeohutus - S\u00fcgis","description":"Eestis hakkavad veekogud j\u00e4\u00e4tuma hiliss\u00fcgisel. Vaata videost, mis v\u00f5ib juhtuda, kui l\u00e4hed n\u00f5rgale j\u00e4\u00e4le.","robots":{"index":"index","follow":"follow","max-snippet":"max-snippet:-1","max-image-preview":"max-image-preview:large","max-video-preview":"max-video-preview:-1"},"canonical":"https:\/\/veeohutus.ee\/sugis\/ara-mine-norgale-jaale\/","og_locale":"et_EE","og_type":"article","og_title":"\u00c4ra mine n\u00f5rgale j\u00e4\u00e4le - Veeohutus - S\u00fcgis","og_description":"Eestis hakkavad veekogud j\u00e4\u00e4tuma hiliss\u00fcgisel. Vaata videost, mis v\u00f5ib juhtuda, kui l\u00e4hed n\u00f5rgale j\u00e4\u00e4le.","og_url":"https:\/\/veeohutus.ee\/sugis\/ara-mine-norgale-jaale\/","og_site_name":"Veeohutus - S\u00fcgis","article_modified_time":"2019-11-19T09:56:09+00:00","og_image":[{"width":1520,"height":1006,"url":"https:\/\/veeohutus.ee\/sugis\/wp-content\/uploads\/sites\/4\/2018\/09\/hoiatiikkorras.jpg","type":"image\/jpeg"}],"twitter_card":"summary_large_image","schema":{"@context":"https:\/\/schema.org","@graph":[{"@type":"WebPage","@id":"https:\/\/veeohutus.ee\/sugis\/ara-mine-norgale-jaale\/","url":"https:\/\/veeohutus.ee\/sugis\/ara-mine-norgale-jaale\/","name":"\u00c4ra mine n\u00f5rgale j\u00e4\u00e4le - Veeohutus - S\u00fcgis","isPartOf":{"@id":"https:\/\/veeohutus.ee\/sugis\/#website"},"primaryImageOfPage":{"@id":"https:\/\/veeohutus.ee\/sugis\/ara-mine-norgale-jaale\/#primaryimage"},"image":{"@id":"https:\/\/veeohutus.ee\/sugis\/ara-mine-norgale-jaale\/#primaryimage"},"thumbnailUrl":"https:\/\/veeohutus.ee\/sugis\/wp-content\/uploads\/sites\/4\/2018\/09\/hoiatiikkorras.jpg","datePublished":"2018-10-04T08:21:42+00:00","dateModified":"2019-11-19T09:56:09+00:00","description":"Eestis hakkavad veekogud j\u00e4\u00e4tuma hiliss\u00fcgisel. Vaata videost, mis v\u00f5ib juhtuda, kui l\u00e4hed n\u00f5rgale j\u00e4\u00e4le.","breadcrumb":{"@id":"https:\/\/veeohutus.ee\/sugis\/ara-mine-norgale-jaale\/#breadcrumb"},"inLanguage":"et","potentialAction":[{"@type":"ReadAction","target":["https:\/\/veeohutus.ee\/sugis\/ara-mine-norgale-jaale\/"]}]},{"@type":"ImageObject","inLanguage":"et","@id":"https:\/\/veeohutus.ee\/sugis\/ara-mine-norgale-jaale\/#primaryimage","url":"https:\/\/veeohutus.ee\/sugis\/wp-content\/uploads\/sites\/4\/2018\/09\/hoiatiikkorras.jpg","contentUrl":"https:\/\/veeohutus.ee\/sugis\/wp-content\/uploads\/sites\/4\/2018\/09\/hoiatiikkorras.jpg","width":1520,"height":1006},{"@type":"BreadcrumbList","@id":"https:\/\/veeohutus.ee\/sugis\/ara-mine-norgale-jaale\/#breadcrumb","itemListElement":[{"@type":"ListItem","position":1,"name":"Home","item":"https:\/\/veeohutus.ee\/sugis\/"},{"@type":"ListItem","position":2,"name":"\u00c4ra mine n\u00f5rgale j\u00e4\u00e4le"}]},{"@type":"WebSite","@id":"https:\/\/veeohutus.ee\/sugis\/#website","url":"https:\/\/veeohutus.ee\/sugis\/","name":"Veeohutus - S\u00fcgis","description":"Just another P\u00e4\u00e4steamet - Veeohutus site","potentialAction":[{"@type":"SearchAction","target":{"@type":"EntryPoint","urlTemplate":"https:\/\/veeohutus.ee\/sugis\/?s={search_term_string}"},"query-input":{"@type":"PropertyValueSpecification","valueRequired":true,"valueName":"search_term_string"}}],"inLanguage":"et"}]}},"_links":{"self":[{"href":"https:\/\/veeohutus.ee\/sugis\/wp-json\/wp\/v2\/pages\/347","targetHints":{"allow":["GET"]}}],"collection":[{"href":"https:\/\/veeohutus.ee\/sugis\/wp-json\/wp\/v2\/pages"}],"about":[{"href":"https:\/\/veeohutus.ee\/sugis\/wp-json\/wp\/v2\/types\/page"}],"author":[{"embeddable":true,"href":"https:\/\/veeohutus.ee\/sugis\/wp-json\/wp\/v2\/users\/2"}],"replies":[{"embeddable":true,"href":"https:\/\/veeohutus.ee\/sugis\/wp-json\/wp\/v2\/comments?post=347"}],"version-history":[{"count":2,"href":"https:\/\/veeohutus.ee\/sugis\/wp-json\/wp\/v2\/pages\/347\/revisions"}],"predecessor-version":[{"id":349,"href":"https:\/\/veeohutus.ee\/sugis\/wp-json\/wp\/v2\/pages\/347\/revisions\/349"}],"wp:featuredmedia":[{"embeddable":true,"href":"https:\/\/veeohutus.ee\/sugis\/wp-json\/wp\/v2\/media\/225"}],"wp:attachment":[{"href":"https:\/\/veeohutus.ee\/sugis\/wp-json\/wp\/v2\/media?parent=347"}],"curies":[{"name":"wp","href":"https:\/\/api.w.org\/{rel}","templated":true}]}}