{"id":532,"date":"2019-09-16T10:05:04","date_gmt":"2019-09-16T10:05:04","guid":{"rendered":"https:\/\/veeohutus.ee\/sugis\/?page_id=532"},"modified":"2022-04-11T06:58:11","modified_gmt":"2022-04-11T06:58:11","slug":"ka-tsempionid-vasivad","status":"publish","type":"page","link":"https:\/\/veeohutus.ee\/sugis\/ka-tsempionid-vasivad\/","title":{"rendered":"Ka t\u0161empionid v\u00e4sivad"},"content":{"rendered":"<h2>Vestlused veeohutusest eakatega<\/h2>\n<p><strong>Vanusega kaasnevad terviseriskid.<\/strong><br \/>\n<strong> Veekogude l\u00e4heduses on oluline olla ettevaatlik.<\/strong><\/p>\n<p>R\u00e4\u00e4gi eaka l\u00e4hedasega ja tuleta talle meelde et:<\/p>\n<ul>\n<li>Ta arvestaks oma v\u00f5imetega<\/li>\n<li>Ta arvestaks oma krooniliste haiguste jm terviseriskidega ning v\u00f5taks arvesse ravimite k\u00f5rvalm\u00f5jusid\n<ul>\n<li>Eakatel v\u00f5ib tekkida probleeme veest v\u00e4lja saamisel v\u00e4henenud lihasj\u00f5udluse ja liigeste probleemide t\u00f5ttu<\/li>\n<li>Krooniliste haiguste olemasolul v\u00f5ib f\u00fc\u00fcsiline koormus soodustada s\u00fcdame r\u00fctmih\u00e4irete teket v\u00f5i epilepsiahoo vallandumist<\/li>\n<li>Ujudes hingab inimene sisse rohkem, kui organism vajab, mille tulemusel v\u00f5ib tekkida ajuarterite spasm ja j\u00e4rgneda teadvuse kaotus.<\/li>\n<li>Ujumine v\u00f5ib tekitada jalakrampe, mis v\u00f5ib viia paanika ja uppumiseni.<\/li>\n<\/ul>\n<\/li>\n<\/ul>\n<p><span style=\"text-decoration: underline;\"><a href=\"https:\/\/veeohutus.ee\/suvi\/ohud-ujumisel\/\">Ohud ujumisel<\/a><\/span><br \/>\n<span style=\"text-decoration: underline;\"> <a href=\"https:\/\/veeohutus.ee\/suvi\/oht-vette-kukkuda\/\">Oht vette kukkuda<\/a><\/span><br \/>\n<span style=\"text-decoration: underline;\"> <a href=\"https:\/\/veeohutus.ee\/suvi\/ohud-kalastamisel\/\">Ohud kalastamisel<\/a><\/span><\/p>\n","protected":false},"excerpt":{"rendered":"<p>Vestlused veeohutusest eakatega Vanusega kaasnevad terviseriskid. Veekogude l\u00e4heduses on oluline olla ettevaatlik. R\u00e4\u00e4gi eaka l\u00e4hedasega ja tuleta talle meelde et: Ta arvestaks oma v\u00f5imetega Ta arvestaks oma krooniliste haiguste jm terviseriskidega ning v\u00f5taks arvesse ravimite k\u00f5rvalm\u00f5jusid Eakatel v\u00f5ib tekkida probleeme veest v\u00e4lja saamisel v\u00e4henenud lihasj\u00f5udluse ja liigeste probleemide t\u00f5ttu Krooniliste haiguste olemasolul v\u00f5ib f\u00fc\u00fcsiline koormus&#8230;  <a class=\"excerpt-read-more\" href=\"https:\/\/veeohutus.ee\/sugis\/ka-tsempionid-vasivad\/\" title=\"Read Ka t\u0161empionid v\u00e4sivad\">Read more<\/a><\/p>\n","protected":false},"author":2,"featured_media":541,"parent":0,"menu_order":0,"comment_status":"closed","ping_status":"closed","template":"","meta":{"_acf_changed":false,"footnotes":""},"class_list":["post-532","page","type-page","status-publish","has-post-thumbnail","hentry"],"acf":[],"yoast_head":"<!-- This site is optimized with the Yoast SEO plugin v26.7 - https:\/\/yoast.com\/wordpress\/plugins\/seo\/ -->\n<title>Ka t\u0161empionid v\u00e4sivad - Veeohutus - S\u00fcgis<\/title>\n<meta name=\"description\" content=\"Vanusega kaasnevad terviseriskid. 2018. aastal olid \u00fcle poole uppunutest eakad. Veekogude l\u00e4heduses tuleb olla eriti ettevaatik.\" \/>\n<meta name=\"robots\" content=\"index, follow, max-snippet:-1, max-image-preview:large, max-video-preview:-1\" \/>\n<link rel=\"canonical\" href=\"https:\/\/veeohutus.ee\/sugis\/ka-tsempionid-vasivad\/\" \/>\n<meta property=\"og:locale\" content=\"et_EE\" \/>\n<meta property=\"og:type\" content=\"article\" \/>\n<meta property=\"og:title\" content=\"Ka t\u0161empionid v\u00e4sivad - Veeohutus - S\u00fcgis\" \/>\n<meta property=\"og:description\" content=\"Vanusega kaasnevad terviseriskid. 2018. aastal olid \u00fcle poole uppunutest eakad. Veekogude l\u00e4heduses tuleb olla eriti ettevaatik.\" \/>\n<meta property=\"og:url\" content=\"https:\/\/veeohutus.ee\/sugis\/ka-tsempionid-vasivad\/\" \/>\n<meta property=\"og:site_name\" content=\"Veeohutus - S\u00fcgis\" \/>\n<meta property=\"article:modified_time\" content=\"2022-04-11T06:58:11+00:00\" \/>\n<meta property=\"og:image\" content=\"https:\/\/veeohutus.ee\/sugis\/wp-content\/uploads\/sites\/4\/2019\/09\/veeohutus_kastekann_1320x320_tekstivaba-1.png\" \/>\n\t<meta property=\"og:image:width\" content=\"1296\" \/>\n\t<meta property=\"og:image:height\" content=\"314\" \/>\n\t<meta property=\"og:image:type\" content=\"image\/png\" \/>\n<meta name=\"twitter:card\" content=\"summary_large_image\" \/>\n<meta name=\"twitter:label1\" content=\"Est. reading time\" \/>\n\t<meta name=\"twitter:data1\" content=\"1 minut\" \/>\n<script type=\"application\/ld+json\" class=\"yoast-schema-graph\">{\"@context\":\"https:\/\/schema.org\",\"@graph\":[{\"@type\":\"WebPage\",\"@id\":\"https:\/\/veeohutus.ee\/sugis\/ka-tsempionid-vasivad\/\",\"url\":\"https:\/\/veeohutus.ee\/sugis\/ka-tsempionid-vasivad\/\",\"name\":\"Ka t\u0161empionid v\u00e4sivad - Veeohutus - S\u00fcgis\",\"isPartOf\":{\"@id\":\"https:\/\/veeohutus.ee\/sugis\/#website\"},\"primaryImageOfPage\":{\"@id\":\"https:\/\/veeohutus.ee\/sugis\/ka-tsempionid-vasivad\/#primaryimage\"},\"image\":{\"@id\":\"https:\/\/veeohutus.ee\/sugis\/ka-tsempionid-vasivad\/#primaryimage\"},\"thumbnailUrl\":\"https:\/\/veeohutus.ee\/sugis\/wp-content\/uploads\/sites\/4\/2019\/09\/veeohutus_kastekann_1320x320_tekstivaba-1.png\",\"datePublished\":\"2019-09-16T10:05:04+00:00\",\"dateModified\":\"2022-04-11T06:58:11+00:00\",\"description\":\"Vanusega kaasnevad terviseriskid. 2018. aastal olid \u00fcle poole uppunutest eakad. Veekogude l\u00e4heduses tuleb olla eriti ettevaatik.\",\"breadcrumb\":{\"@id\":\"https:\/\/veeohutus.ee\/sugis\/ka-tsempionid-vasivad\/#breadcrumb\"},\"inLanguage\":\"et\",\"potentialAction\":[{\"@type\":\"ReadAction\",\"target\":[\"https:\/\/veeohutus.ee\/sugis\/ka-tsempionid-vasivad\/\"]}]},{\"@type\":\"ImageObject\",\"inLanguage\":\"et\",\"@id\":\"https:\/\/veeohutus.ee\/sugis\/ka-tsempionid-vasivad\/#primaryimage\",\"url\":\"https:\/\/veeohutus.ee\/sugis\/wp-content\/uploads\/sites\/4\/2019\/09\/veeohutus_kastekann_1320x320_tekstivaba-1.png\",\"contentUrl\":\"https:\/\/veeohutus.ee\/sugis\/wp-content\/uploads\/sites\/4\/2019\/09\/veeohutus_kastekann_1320x320_tekstivaba-1.png\",\"width\":1296,\"height\":314},{\"@type\":\"BreadcrumbList\",\"@id\":\"https:\/\/veeohutus.ee\/sugis\/ka-tsempionid-vasivad\/#breadcrumb\",\"itemListElement\":[{\"@type\":\"ListItem\",\"position\":1,\"name\":\"Home\",\"item\":\"https:\/\/veeohutus.ee\/sugis\/\"},{\"@type\":\"ListItem\",\"position\":2,\"name\":\"Ka t\u0161empionid v\u00e4sivad\"}]},{\"@type\":\"WebSite\",\"@id\":\"https:\/\/veeohutus.ee\/sugis\/#website\",\"url\":\"https:\/\/veeohutus.ee\/sugis\/\",\"name\":\"Veeohutus - S\u00fcgis\",\"description\":\"Just another P\u00e4\u00e4steamet - Veeohutus site\",\"potentialAction\":[{\"@type\":\"SearchAction\",\"target\":{\"@type\":\"EntryPoint\",\"urlTemplate\":\"https:\/\/veeohutus.ee\/sugis\/?s={search_term_string}\"},\"query-input\":{\"@type\":\"PropertyValueSpecification\",\"valueRequired\":true,\"valueName\":\"search_term_string\"}}],\"inLanguage\":\"et\"}]}<\/script>\n<!-- \/ Yoast SEO plugin. -->","yoast_head_json":{"title":"Ka t\u0161empionid v\u00e4sivad - Veeohutus - S\u00fcgis","description":"Vanusega kaasnevad terviseriskid. 2018. aastal olid \u00fcle poole uppunutest eakad. Veekogude l\u00e4heduses tuleb olla eriti ettevaatik.","robots":{"index":"index","follow":"follow","max-snippet":"max-snippet:-1","max-image-preview":"max-image-preview:large","max-video-preview":"max-video-preview:-1"},"canonical":"https:\/\/veeohutus.ee\/sugis\/ka-tsempionid-vasivad\/","og_locale":"et_EE","og_type":"article","og_title":"Ka t\u0161empionid v\u00e4sivad - Veeohutus - S\u00fcgis","og_description":"Vanusega kaasnevad terviseriskid. 2018. aastal olid \u00fcle poole uppunutest eakad. Veekogude l\u00e4heduses tuleb olla eriti ettevaatik.","og_url":"https:\/\/veeohutus.ee\/sugis\/ka-tsempionid-vasivad\/","og_site_name":"Veeohutus - S\u00fcgis","article_modified_time":"2022-04-11T06:58:11+00:00","og_image":[{"width":1296,"height":314,"url":"https:\/\/veeohutus.ee\/sugis\/wp-content\/uploads\/sites\/4\/2019\/09\/veeohutus_kastekann_1320x320_tekstivaba-1.png","type":"image\/png"}],"twitter_card":"summary_large_image","twitter_misc":{"Est. reading time":"1 minut"},"schema":{"@context":"https:\/\/schema.org","@graph":[{"@type":"WebPage","@id":"https:\/\/veeohutus.ee\/sugis\/ka-tsempionid-vasivad\/","url":"https:\/\/veeohutus.ee\/sugis\/ka-tsempionid-vasivad\/","name":"Ka t\u0161empionid v\u00e4sivad - Veeohutus - S\u00fcgis","isPartOf":{"@id":"https:\/\/veeohutus.ee\/sugis\/#website"},"primaryImageOfPage":{"@id":"https:\/\/veeohutus.ee\/sugis\/ka-tsempionid-vasivad\/#primaryimage"},"image":{"@id":"https:\/\/veeohutus.ee\/sugis\/ka-tsempionid-vasivad\/#primaryimage"},"thumbnailUrl":"https:\/\/veeohutus.ee\/sugis\/wp-content\/uploads\/sites\/4\/2019\/09\/veeohutus_kastekann_1320x320_tekstivaba-1.png","datePublished":"2019-09-16T10:05:04+00:00","dateModified":"2022-04-11T06:58:11+00:00","description":"Vanusega kaasnevad terviseriskid. 2018. aastal olid \u00fcle poole uppunutest eakad. Veekogude l\u00e4heduses tuleb olla eriti ettevaatik.","breadcrumb":{"@id":"https:\/\/veeohutus.ee\/sugis\/ka-tsempionid-vasivad\/#breadcrumb"},"inLanguage":"et","potentialAction":[{"@type":"ReadAction","target":["https:\/\/veeohutus.ee\/sugis\/ka-tsempionid-vasivad\/"]}]},{"@type":"ImageObject","inLanguage":"et","@id":"https:\/\/veeohutus.ee\/sugis\/ka-tsempionid-vasivad\/#primaryimage","url":"https:\/\/veeohutus.ee\/sugis\/wp-content\/uploads\/sites\/4\/2019\/09\/veeohutus_kastekann_1320x320_tekstivaba-1.png","contentUrl":"https:\/\/veeohutus.ee\/sugis\/wp-content\/uploads\/sites\/4\/2019\/09\/veeohutus_kastekann_1320x320_tekstivaba-1.png","width":1296,"height":314},{"@type":"BreadcrumbList","@id":"https:\/\/veeohutus.ee\/sugis\/ka-tsempionid-vasivad\/#breadcrumb","itemListElement":[{"@type":"ListItem","position":1,"name":"Home","item":"https:\/\/veeohutus.ee\/sugis\/"},{"@type":"ListItem","position":2,"name":"Ka t\u0161empionid v\u00e4sivad"}]},{"@type":"WebSite","@id":"https:\/\/veeohutus.ee\/sugis\/#website","url":"https:\/\/veeohutus.ee\/sugis\/","name":"Veeohutus - S\u00fcgis","description":"Just another P\u00e4\u00e4steamet - Veeohutus site","potentialAction":[{"@type":"SearchAction","target":{"@type":"EntryPoint","urlTemplate":"https:\/\/veeohutus.ee\/sugis\/?s={search_term_string}"},"query-input":{"@type":"PropertyValueSpecification","valueRequired":true,"valueName":"search_term_string"}}],"inLanguage":"et"}]}},"_links":{"self":[{"href":"https:\/\/veeohutus.ee\/sugis\/wp-json\/wp\/v2\/pages\/532","targetHints":{"allow":["GET"]}}],"collection":[{"href":"https:\/\/veeohutus.ee\/sugis\/wp-json\/wp\/v2\/pages"}],"about":[{"href":"https:\/\/veeohutus.ee\/sugis\/wp-json\/wp\/v2\/types\/page"}],"author":[{"embeddable":true,"href":"https:\/\/veeohutus.ee\/sugis\/wp-json\/wp\/v2\/users\/2"}],"replies":[{"embeddable":true,"href":"https:\/\/veeohutus.ee\/sugis\/wp-json\/wp\/v2\/comments?post=532"}],"version-history":[{"count":6,"href":"https:\/\/veeohutus.ee\/sugis\/wp-json\/wp\/v2\/pages\/532\/revisions"}],"predecessor-version":[{"id":628,"href":"https:\/\/veeohutus.ee\/sugis\/wp-json\/wp\/v2\/pages\/532\/revisions\/628"}],"wp:featuredmedia":[{"embeddable":true,"href":"https:\/\/veeohutus.ee\/sugis\/wp-json\/wp\/v2\/media\/541"}],"wp:attachment":[{"href":"https:\/\/veeohutus.ee\/sugis\/wp-json\/wp\/v2\/media?parent=532"}],"curies":[{"name":"wp","href":"https:\/\/api.w.org\/{rel}","templated":true}]}}