{"id":869,"date":"2016-07-18T15:55:57","date_gmt":"2016-07-18T12:55:57","guid":{"rendered":"http:\/\/veeohutus.ee\/?page_id=869"},"modified":"2019-09-03T13:40:19","modified_gmt":"2019-09-03T10:40:19","slug":"tunne-erinevaid-veekogusid","status":"publish","type":"page","link":"https:\/\/veeohutus.ee\/suvi\/tunne-erinevaid-veekogusid\/","title":{"rendered":"Tunne erinevaid veekogusid"},"content":{"rendered":"<h2>Selleks, et veekogu \u00e4\u00e4res ohutult aega veeta, on oluline teada erinevate veekogude iseloomulikke omadusi. Tutvu nendega allpool!<\/h2>\n<p>&nbsp;<\/p>\n<h3><img loading=\"lazy\" decoding=\"async\" class=\"wp-image-889 size-medium alignleft\" src=\"http:\/\/veeohutus.ee\/www\/wp-content\/uploads\/2016\/07\/tiik-300x200.jpg\" alt=\"tiik\" width=\"300\" height=\"200\" srcset=\"https:\/\/veeohutus.ee\/suvi\/wp-content\/uploads\/2016\/07\/tiik-300x200.jpg 300w, https:\/\/veeohutus.ee\/suvi\/wp-content\/uploads\/2016\/07\/tiik-768x511.jpg 768w, https:\/\/veeohutus.ee\/suvi\/wp-content\/uploads\/2016\/07\/tiik-1024x681.jpg 1024w\" sizes=\"auto, (max-width: 300px) 100vw, 300px\" \/>Tiik<\/h3>\n<p>V\u00e4ike kunstlik veekogu, mis on teadmata s\u00fcgavuse t\u00f5ttu eriti ohtlik v\u00e4ikestele lastele.<br \/>\nP\u00f5hilised tiikide ohud: j\u00e4rsud kaldad, mudane p\u00f5hi ja prognoosimatu s\u00fcgavus.<\/p>\n<p>Kodutiikide \u00fcmber on v\u00f5imalik ehitada spetsiaalsed kaitseaiad. Kodul\u00e4hedase veekogu ohutuks muutmisest,\u00a0 saad lugeda <a href=\"https:\/\/veeohutus.ee\/suvi\/kuidas-muuta-kodulahedane-veekogu-ohutuks\/\">SIIT<\/a>.<\/p>\n<p>&nbsp;<\/p>\n<p>&nbsp;<\/p>\n<h3><img loading=\"lazy\" decoding=\"async\" class=\"wp-image-1750 size-medium alignleft\" src=\"http:\/\/demo.opus.ee\/projects\/veeohutus\/www\/wp-content\/uploads\/2016\/07\/karj\u00e4\u00e4r-300x225.jpeg\" alt=\"karj\u00e4\u00e4r\" width=\"300\" height=\"225\" srcset=\"https:\/\/veeohutus.ee\/suvi\/wp-content\/uploads\/2016\/07\/karj\u00e4\u00e4r-300x225.jpeg 300w, https:\/\/veeohutus.ee\/suvi\/wp-content\/uploads\/2016\/07\/karj\u00e4\u00e4r.jpeg 630w\" sizes=\"auto, (max-width: 300px) 100vw, 300px\" \/>Karj\u00e4\u00e4r<\/h3>\n<p>Kunstlik veekogu, mille p\u00f5hjareljeef on v\u00e4ga ettearvamatu.<br \/>\nP\u00f5hilised karj\u00e4\u00e4ride ohud: ettearvamatu p\u00f5hjareljeef, ootamatud (teravate servadega, roostes) veealused esemed ja veetaimed.<\/p>\n<p>L\u00e4heb j\u00e4rsku s\u00fcgavaks.<\/p>\n<p>&nbsp;<\/p>\n<p>&nbsp;<\/p>\n<p>&nbsp;<\/p>\n<h3><img loading=\"lazy\" decoding=\"async\" class=\"wp-image-880 size-medium alignleft\" src=\"http:\/\/veeohutus.ee\/www\/wp-content\/uploads\/2016\/07\/j\u00f5gi-300x225.jpg\" alt=\"j\u00f5gi\" width=\"300\" height=\"225\" srcset=\"https:\/\/veeohutus.ee\/suvi\/wp-content\/uploads\/2016\/07\/j\u00f5gi-300x225.jpg 300w, https:\/\/veeohutus.ee\/suvi\/wp-content\/uploads\/2016\/07\/j\u00f5gi-768x576.jpg 768w, https:\/\/veeohutus.ee\/suvi\/wp-content\/uploads\/2016\/07\/j\u00f5gi-1024x768.jpg 1024w, https:\/\/veeohutus.ee\/suvi\/wp-content\/uploads\/2016\/07\/j\u00f5gi.jpg 1600w\" sizes=\"auto, (max-width: 300px) 100vw, 300px\" \/>J\u00f5gi<\/h3>\n<p>Suured ja aeglase vooluga j\u00f5ed v\u00f5ivad m\u00f5juda petlikult.<br \/>\nP\u00f5hilised j\u00f5gede ohud: vool v\u00f5ib n\u00e4ida aeglane, kuid olla tegelikult v\u00e4ga tugev. S\u00fcgavus varieerub v\u00e4ga madalast kuni v\u00e4ga s\u00fcgavani (hauakohad). Veetemperatuur on reeglina madal ja vesi ei ole l\u00e4bipaistev.<\/p>\n<p>J\u00f5gede puhul tuleb v\u00e4ltida kohti, kus vesi langeb \u2013 tammid, paisud, kosed.<\/p>\n<p>&nbsp;<\/p>\n<p>&nbsp;<\/p>\n<p>&nbsp;<\/p>\n<h3><img loading=\"lazy\" decoding=\"async\" class=\"wp-image-883 size-medium alignleft\" src=\"http:\/\/veeohutus.ee\/www\/wp-content\/uploads\/2016\/07\/j\u00e4rv-300x225.jpg\" alt=\"j\u00e4rv\" width=\"300\" height=\"225\" srcset=\"https:\/\/veeohutus.ee\/suvi\/wp-content\/uploads\/2016\/07\/j\u00e4rv-300x225.jpg 300w, https:\/\/veeohutus.ee\/suvi\/wp-content\/uploads\/2016\/07\/j\u00e4rv-768x576.jpg 768w, https:\/\/veeohutus.ee\/suvi\/wp-content\/uploads\/2016\/07\/j\u00e4rv-1024x768.jpg 1024w, https:\/\/veeohutus.ee\/suvi\/wp-content\/uploads\/2016\/07\/j\u00e4rv.jpg 2048w\" sizes=\"auto, (max-width: 300px) 100vw, 300px\" \/>J\u00e4rv<\/h3>\n<p>Taimestik v\u00f5ib olla risk ujumisel.<br \/>\nP\u00f5hilised j\u00e4rvede ohud: vee s\u00fcgavus varieerub v\u00e4ga s\u00fcgavast v\u00e4ga madalani.<\/p>\n<p>P\u00f5hi v\u00f5ib olla nii \u201ckandev\u201d kui ka pehme.<\/p>\n<p>&nbsp;<\/p>\n<p>&nbsp;<\/p>\n<p>&nbsp;<\/p>\n<h3><img loading=\"lazy\" decoding=\"async\" class=\"wp-image-886 size-medium alignleft\" src=\"http:\/\/veeohutus.ee\/www\/wp-content\/uploads\/2016\/07\/meri-300x225.jpg\" alt=\"meri\" width=\"300\" height=\"225\" srcset=\"https:\/\/veeohutus.ee\/suvi\/wp-content\/uploads\/2016\/07\/meri-300x225.jpg 300w, https:\/\/veeohutus.ee\/suvi\/wp-content\/uploads\/2016\/07\/meri-768x576.jpg 768w, https:\/\/veeohutus.ee\/suvi\/wp-content\/uploads\/2016\/07\/meri-1024x768.jpg 1024w, https:\/\/veeohutus.ee\/suvi\/wp-content\/uploads\/2016\/07\/meri.jpg 2048w\" sizes=\"auto, (max-width: 300px) 100vw, 300px\" \/>Meri<\/h3>\n<p>Merevesi on reeglina j\u00e4rvede ja tiikide veest jahedam.<br \/>\nP\u00f5hilised mere ohud: lainetus v\u00f5ib ujumise trajektoori tugevalt m\u00f5jutada (see s\u00f5ltub tuule suunast ja tugevusest). Vesi ei ole l\u00e4bipaistev.<\/p>\n<p>&nbsp;<\/p>\n<p>&nbsp;<\/p>\n<p>&nbsp;<\/p>\n","protected":false},"excerpt":{"rendered":"<p>Selleks, et veekogu \u00e4\u00e4res ohutult aega veeta, on oluline teada erinevate veekogude iseloomulikke omadusi. Tutvu nendega allpool! &nbsp; Tiik V\u00e4ike kunstlik veekogu, mis on teadmata s\u00fcgavuse t\u00f5ttu eriti ohtlik v\u00e4ikestele lastele. P\u00f5hilised tiikide ohud: j\u00e4rsud kaldad, mudane p\u00f5hi ja prognoosimatu s\u00fcgavus. Kodutiikide \u00fcmber on v\u00f5imalik ehitada spetsiaalsed kaitseaiad. Kodul\u00e4hedase veekogu ohutuks muutmisest,\u00a0 saad lugeda SIIT&#8230;.  <a class=\"excerpt-read-more\" href=\"https:\/\/veeohutus.ee\/suvi\/tunne-erinevaid-veekogusid\/\" title=\"Read Tunne erinevaid veekogusid\">Read more<\/a><\/p>\n","protected":false},"author":2,"featured_media":877,"parent":0,"menu_order":0,"comment_status":"closed","ping_status":"closed","template":"","meta":{"_acf_changed":false,"footnotes":""},"class_list":["post-869","page","type-page","status-publish","has-post-thumbnail","hentry"],"acf":[],"yoast_head":"<!-- This site is optimized with the Yoast SEO plugin v26.7 - https:\/\/yoast.com\/wordpress\/plugins\/seo\/ -->\n<title>Tunne erinevaid veekogusid - P\u00e4\u00e4steamet - Veeohutus<\/title>\n<meta name=\"robots\" content=\"index, follow, max-snippet:-1, max-image-preview:large, max-video-preview:-1\" \/>\n<link rel=\"canonical\" href=\"https:\/\/veeohutus.ee\/suvi\/tunne-erinevaid-veekogusid\/\" \/>\n<meta property=\"og:locale\" content=\"et_EE\" \/>\n<meta property=\"og:type\" content=\"article\" \/>\n<meta property=\"og:title\" content=\"Tunne erinevaid veekogusid - P\u00e4\u00e4steamet - Veeohutus\" \/>\n<meta property=\"og:description\" content=\"Selleks, et veekogu \u00e4\u00e4res ohutult aega veeta, on oluline teada erinevate veekogude iseloomulikke omadusi. Tutvu nendega allpool! &nbsp; Tiik V\u00e4ike kunstlik veekogu, mis on teadmata s\u00fcgavuse t\u00f5ttu eriti ohtlik v\u00e4ikestele lastele. P\u00f5hilised tiikide ohud: j\u00e4rsud kaldad, mudane p\u00f5hi ja prognoosimatu s\u00fcgavus. Kodutiikide \u00fcmber on v\u00f5imalik ehitada spetsiaalsed kaitseaiad. Kodul\u00e4hedase veekogu ohutuks muutmisest,\u00a0 saad lugeda SIIT.... Read more\" \/>\n<meta property=\"og:url\" content=\"https:\/\/veeohutus.ee\/suvi\/tunne-erinevaid-veekogusid\/\" \/>\n<meta property=\"og:site_name\" content=\"Veeohutus - Suvi - tule uuri, kuidas ennetada ja aidata - P\u00e4\u00e4steamet\" \/>\n<meta property=\"article:modified_time\" content=\"2019-09-03T10:40:19+00:00\" \/>\n<meta property=\"og:image\" content=\"https:\/\/veeohutus.ee\/suvi\/wp-content\/uploads\/2016\/07\/iStock_000016040812Medium-1024x1024.jpg\" \/>\n\t<meta property=\"og:image:width\" content=\"1024\" \/>\n\t<meta property=\"og:image:height\" content=\"1024\" \/>\n\t<meta property=\"og:image:type\" content=\"image\/jpeg\" \/>\n<meta name=\"twitter:card\" content=\"summary_large_image\" \/>\n<meta name=\"twitter:label1\" content=\"Est. reading time\" \/>\n\t<meta name=\"twitter:data1\" content=\"1 minut\" \/>\n<script type=\"application\/ld+json\" class=\"yoast-schema-graph\">{\"@context\":\"https:\/\/schema.org\",\"@graph\":[{\"@type\":\"WebPage\",\"@id\":\"https:\/\/veeohutus.ee\/suvi\/tunne-erinevaid-veekogusid\/\",\"url\":\"https:\/\/veeohutus.ee\/suvi\/tunne-erinevaid-veekogusid\/\",\"name\":\"Tunne erinevaid veekogusid - P\u00e4\u00e4steamet - Veeohutus\",\"isPartOf\":{\"@id\":\"https:\/\/veeohutus.ee\/suvi\/#website\"},\"primaryImageOfPage\":{\"@id\":\"https:\/\/veeohutus.ee\/suvi\/tunne-erinevaid-veekogusid\/#primaryimage\"},\"image\":{\"@id\":\"https:\/\/veeohutus.ee\/suvi\/tunne-erinevaid-veekogusid\/#primaryimage\"},\"thumbnailUrl\":\"https:\/\/veeohutus.ee\/suvi\/wp-content\/uploads\/2016\/07\/iStock_000016040812Medium.jpg\",\"datePublished\":\"2016-07-18T12:55:57+00:00\",\"dateModified\":\"2019-09-03T10:40:19+00:00\",\"breadcrumb\":{\"@id\":\"https:\/\/veeohutus.ee\/suvi\/tunne-erinevaid-veekogusid\/#breadcrumb\"},\"inLanguage\":\"et\",\"potentialAction\":[{\"@type\":\"ReadAction\",\"target\":[\"https:\/\/veeohutus.ee\/suvi\/tunne-erinevaid-veekogusid\/\"]}]},{\"@type\":\"ImageObject\",\"inLanguage\":\"et\",\"@id\":\"https:\/\/veeohutus.ee\/suvi\/tunne-erinevaid-veekogusid\/#primaryimage\",\"url\":\"https:\/\/veeohutus.ee\/suvi\/wp-content\/uploads\/2016\/07\/iStock_000016040812Medium.jpg\",\"contentUrl\":\"https:\/\/veeohutus.ee\/suvi\/wp-content\/uploads\/2016\/07\/iStock_000016040812Medium.jpg\",\"width\":1386,\"height\":1385},{\"@type\":\"BreadcrumbList\",\"@id\":\"https:\/\/veeohutus.ee\/suvi\/tunne-erinevaid-veekogusid\/#breadcrumb\",\"itemListElement\":[{\"@type\":\"ListItem\",\"position\":1,\"name\":\"Home\",\"item\":\"https:\/\/veeohutus.ee\/suvi\/\"},{\"@type\":\"ListItem\",\"position\":2,\"name\":\"Tunne erinevaid veekogusid\"}]},{\"@type\":\"WebSite\",\"@id\":\"https:\/\/veeohutus.ee\/suvi\/#website\",\"url\":\"https:\/\/veeohutus.ee\/suvi\/\",\"name\":\"Veeohutus - Suvi - tule uuri, kuidas ennetada ja aidata - P\u00e4\u00e4steamet\",\"description\":\"P\u00e4\u00e4steamet - Veeohutus\",\"potentialAction\":[{\"@type\":\"SearchAction\",\"target\":{\"@type\":\"EntryPoint\",\"urlTemplate\":\"https:\/\/veeohutus.ee\/suvi\/?s={search_term_string}\"},\"query-input\":{\"@type\":\"PropertyValueSpecification\",\"valueRequired\":true,\"valueName\":\"search_term_string\"}}],\"inLanguage\":\"et\"}]}<\/script>\n<!-- \/ Yoast SEO plugin. -->","yoast_head_json":{"title":"Tunne erinevaid veekogusid - P\u00e4\u00e4steamet - Veeohutus","robots":{"index":"index","follow":"follow","max-snippet":"max-snippet:-1","max-image-preview":"max-image-preview:large","max-video-preview":"max-video-preview:-1"},"canonical":"https:\/\/veeohutus.ee\/suvi\/tunne-erinevaid-veekogusid\/","og_locale":"et_EE","og_type":"article","og_title":"Tunne erinevaid veekogusid - P\u00e4\u00e4steamet - Veeohutus","og_description":"Selleks, et veekogu \u00e4\u00e4res ohutult aega veeta, on oluline teada erinevate veekogude iseloomulikke omadusi. Tutvu nendega allpool! &nbsp; Tiik V\u00e4ike kunstlik veekogu, mis on teadmata s\u00fcgavuse t\u00f5ttu eriti ohtlik v\u00e4ikestele lastele. P\u00f5hilised tiikide ohud: j\u00e4rsud kaldad, mudane p\u00f5hi ja prognoosimatu s\u00fcgavus. Kodutiikide \u00fcmber on v\u00f5imalik ehitada spetsiaalsed kaitseaiad. Kodul\u00e4hedase veekogu ohutuks muutmisest,\u00a0 saad lugeda SIIT.... Read more","og_url":"https:\/\/veeohutus.ee\/suvi\/tunne-erinevaid-veekogusid\/","og_site_name":"Veeohutus - Suvi - tule uuri, kuidas ennetada ja aidata - P\u00e4\u00e4steamet","article_modified_time":"2019-09-03T10:40:19+00:00","og_image":[{"width":1024,"height":1024,"url":"https:\/\/veeohutus.ee\/suvi\/wp-content\/uploads\/2016\/07\/iStock_000016040812Medium-1024x1024.jpg","type":"image\/jpeg"}],"twitter_card":"summary_large_image","twitter_misc":{"Est. reading time":"1 minut"},"schema":{"@context":"https:\/\/schema.org","@graph":[{"@type":"WebPage","@id":"https:\/\/veeohutus.ee\/suvi\/tunne-erinevaid-veekogusid\/","url":"https:\/\/veeohutus.ee\/suvi\/tunne-erinevaid-veekogusid\/","name":"Tunne erinevaid veekogusid - P\u00e4\u00e4steamet - Veeohutus","isPartOf":{"@id":"https:\/\/veeohutus.ee\/suvi\/#website"},"primaryImageOfPage":{"@id":"https:\/\/veeohutus.ee\/suvi\/tunne-erinevaid-veekogusid\/#primaryimage"},"image":{"@id":"https:\/\/veeohutus.ee\/suvi\/tunne-erinevaid-veekogusid\/#primaryimage"},"thumbnailUrl":"https:\/\/veeohutus.ee\/suvi\/wp-content\/uploads\/2016\/07\/iStock_000016040812Medium.jpg","datePublished":"2016-07-18T12:55:57+00:00","dateModified":"2019-09-03T10:40:19+00:00","breadcrumb":{"@id":"https:\/\/veeohutus.ee\/suvi\/tunne-erinevaid-veekogusid\/#breadcrumb"},"inLanguage":"et","potentialAction":[{"@type":"ReadAction","target":["https:\/\/veeohutus.ee\/suvi\/tunne-erinevaid-veekogusid\/"]}]},{"@type":"ImageObject","inLanguage":"et","@id":"https:\/\/veeohutus.ee\/suvi\/tunne-erinevaid-veekogusid\/#primaryimage","url":"https:\/\/veeohutus.ee\/suvi\/wp-content\/uploads\/2016\/07\/iStock_000016040812Medium.jpg","contentUrl":"https:\/\/veeohutus.ee\/suvi\/wp-content\/uploads\/2016\/07\/iStock_000016040812Medium.jpg","width":1386,"height":1385},{"@type":"BreadcrumbList","@id":"https:\/\/veeohutus.ee\/suvi\/tunne-erinevaid-veekogusid\/#breadcrumb","itemListElement":[{"@type":"ListItem","position":1,"name":"Home","item":"https:\/\/veeohutus.ee\/suvi\/"},{"@type":"ListItem","position":2,"name":"Tunne erinevaid veekogusid"}]},{"@type":"WebSite","@id":"https:\/\/veeohutus.ee\/suvi\/#website","url":"https:\/\/veeohutus.ee\/suvi\/","name":"Veeohutus - Suvi - tule uuri, kuidas ennetada ja aidata - P\u00e4\u00e4steamet","description":"P\u00e4\u00e4steamet - Veeohutus","potentialAction":[{"@type":"SearchAction","target":{"@type":"EntryPoint","urlTemplate":"https:\/\/veeohutus.ee\/suvi\/?s={search_term_string}"},"query-input":{"@type":"PropertyValueSpecification","valueRequired":true,"valueName":"search_term_string"}}],"inLanguage":"et"}]}},"_links":{"self":[{"href":"https:\/\/veeohutus.ee\/suvi\/wp-json\/wp\/v2\/pages\/869","targetHints":{"allow":["GET"]}}],"collection":[{"href":"https:\/\/veeohutus.ee\/suvi\/wp-json\/wp\/v2\/pages"}],"about":[{"href":"https:\/\/veeohutus.ee\/suvi\/wp-json\/wp\/v2\/types\/page"}],"author":[{"embeddable":true,"href":"https:\/\/veeohutus.ee\/suvi\/wp-json\/wp\/v2\/users\/2"}],"replies":[{"embeddable":true,"href":"https:\/\/veeohutus.ee\/suvi\/wp-json\/wp\/v2\/comments?post=869"}],"version-history":[{"count":37,"href":"https:\/\/veeohutus.ee\/suvi\/wp-json\/wp\/v2\/pages\/869\/revisions"}],"predecessor-version":[{"id":2808,"href":"https:\/\/veeohutus.ee\/suvi\/wp-json\/wp\/v2\/pages\/869\/revisions\/2808"}],"wp:featuredmedia":[{"embeddable":true,"href":"https:\/\/veeohutus.ee\/suvi\/wp-json\/wp\/v2\/media\/877"}],"wp:attachment":[{"href":"https:\/\/veeohutus.ee\/suvi\/wp-json\/wp\/v2\/media?parent=869"}],"curies":[{"name":"wp","href":"https:\/\/api.w.org\/{rel}","templated":true}]}}