{"id":205,"date":"2018-10-19T10:38:36","date_gmt":"2018-10-19T10:38:36","guid":{"rendered":"https:\/\/veeohutus.ee\/talv\/?page_id=205"},"modified":"2019-11-25T14:33:58","modified_gmt":"2019-11-25T14:33:58","slug":"kohad-kus-jaa-norgem","status":"publish","type":"page","link":"https:\/\/veeohutus.ee\/talv\/kohad-kus-jaa-norgem\/","title":{"rendered":"Kohad, kus j\u00e4\u00e4 on n\u00f5rgem"},"content":{"rendered":"<h3>Erinevatel veekogudel esineb alati piirkondi, kus j\u00e4\u00e4 on n\u00f5rgem. Sellisteks kohtadeks on<\/h3>\n<p><strong>Kiirevoolulised kohad j\u00f5gedes &#8211;<\/strong> j\u00e4\u00e4 tekkimist segab pidevalt liikumises olevad veekihid;<\/p>\n<p>&nbsp;<\/p>\n<img loading=\"lazy\" decoding=\"async\" class=\"wp-image-52 size-medium\" src=\"https:\/\/veeohutus.ee\/talv\/wp-content\/uploads\/sites\/3\/2018\/10\/Kiirevool-Medium-300x225.jpg\" alt=\"kiire vool\" width=\"300\" height=\"225\" srcset=\"https:\/\/veeohutus.ee\/talv\/wp-content\/uploads\/sites\/3\/2018\/10\/Kiirevool-Medium-300x225.jpg 300w, https:\/\/veeohutus.ee\/talv\/wp-content\/uploads\/sites\/3\/2018\/10\/Kiirevool-Medium-768x576.jpg 768w, https:\/\/veeohutus.ee\/talv\/wp-content\/uploads\/sites\/3\/2018\/10\/Kiirevool-Medium.jpg 800w\" sizes=\"auto, (max-width: 300px) 100vw, 300px\" \/>\n<p><strong>Suubumiskohad <\/strong>&#8211; kohad, kus n\u00e4iteks kaks j\u00f5ge saavad kokku v\u00f5i koht, kus j\u00f5gi suubub j\u00e4rve v\u00f5i merre. Sellistes kohtades takistavad j\u00e4\u00e4 teket keerised;<\/p>\n<p>&nbsp;<\/p>\n<img loading=\"lazy\" decoding=\"async\" class=\"wp-image-97 size-medium\" src=\"https:\/\/veeohutus.ee\/talv\/wp-content\/uploads\/sites\/3\/2018\/10\/suubumis_koht-Medium-300x225.jpg\" alt=\"j22 on n6rk\" width=\"300\" height=\"225\" srcset=\"https:\/\/veeohutus.ee\/talv\/wp-content\/uploads\/sites\/3\/2018\/10\/suubumis_koht-Medium-300x225.jpg 300w, https:\/\/veeohutus.ee\/talv\/wp-content\/uploads\/sites\/3\/2018\/10\/suubumis_koht-Medium-768x576.jpg 768w, https:\/\/veeohutus.ee\/talv\/wp-content\/uploads\/sites\/3\/2018\/10\/suubumis_koht-Medium.jpg 800w\" sizes=\"auto, (max-width: 300px) 100vw, 300px\" \/>\n<p><strong>Paadisildade tugipostid, roostik, vettelangenud puude v\u00f5rade \u00fcmbrus<\/strong> &#8211; kohtades, kus l\u00e4bi j\u00e4\u00e4 on kas sillapostid, taimed ja oksad on j\u00e4\u00e4 n\u00f5rgem.<br \/>\nJ\u00e4\u00e4 ei haaku objektiga ja \u00fcmber objektide olevate \u201eaukude&#8221; toimub veekogu hapnikuvahetus;<\/p>\n<p>&nbsp;<\/p>\n<img loading=\"lazy\" decoding=\"async\" class=\"wp-image-55 size-medium\" src=\"https:\/\/veeohutus.ee\/talv\/wp-content\/uploads\/sites\/3\/2018\/10\/korkjad-300x225.jpg\" alt=\"ohtlik koht\" width=\"300\" height=\"225\" srcset=\"https:\/\/veeohutus.ee\/talv\/wp-content\/uploads\/sites\/3\/2018\/10\/korkjad-300x225.jpg 300w, https:\/\/veeohutus.ee\/talv\/wp-content\/uploads\/sites\/3\/2018\/10\/korkjad-768x576.jpg 768w, https:\/\/veeohutus.ee\/talv\/wp-content\/uploads\/sites\/3\/2018\/10\/korkjad.jpg 800w\" sizes=\"auto, (max-width: 300px) 100vw, 300px\" \/>\n<p><strong>Allika kohad <\/strong>&#8211; veekogud, milles leidub allikaid, j\u00e4\u00e4tuvad alati aeglasemalt. P\u00f5hjuseks on allikavee stabiilne temperatuur, mis on alati \u00fcle 0\u00ba C;<\/p>\n<p><strong>Torude suudmed<\/strong> &#8211; kohad, kus veekogusse siseneb n\u00e4iteks reoveetoru. Sealt tulev vesi on soojem v\u00f5rreldes veekoguga ja j\u00e4\u00e4 tekkimine on aeglasem;<\/p>\n<p><strong>Laevateede l\u00e4hedus<\/strong> &#8211; piirkondades, kus toimub talvine laevaliiklus l\u00f5hutakse j\u00e4\u00e4d regulaarselt. Selliselt hoitakse laevatee j\u00e4\u00e4vaba ja tekitatakse selle l\u00e4hedusse inimestele ohtlikke pragusid j\u00e4\u00e4s.<\/p>\n","protected":false},"excerpt":{"rendered":"<p>Erinevatel veekogudel esineb alati piirkondi, kus j\u00e4\u00e4 on n\u00f5rgem. Sellisteks kohtadeks on Kiirevoolulised kohad j\u00f5gedes &#8211; j\u00e4\u00e4 tekkimist segab pidevalt liikumises olevad veekihid; &nbsp; Suubumiskohad &#8211; kohad, kus n\u00e4iteks kaks j\u00f5ge saavad kokku v\u00f5i koht, kus j\u00f5gi suubub j\u00e4rve v\u00f5i merre. Sellistes kohtades takistavad j\u00e4\u00e4 teket keerised; &nbsp; Paadisildade tugipostid, roostik, vettelangenud puude v\u00f5rade \u00fcmbrus&#8230;  <a class=\"excerpt-read-more\" href=\"https:\/\/veeohutus.ee\/talv\/kohad-kus-jaa-norgem\/\" title=\"Read Kohad, kus j\u00e4\u00e4 on n\u00f5rgem\">Read more<\/a><\/p>\n","protected":false},"author":2,"featured_media":94,"parent":0,"menu_order":0,"comment_status":"closed","ping_status":"closed","template":"","meta":{"_acf_changed":false,"footnotes":""},"class_list":["post-205","page","type-page","status-publish","has-post-thumbnail","hentry"],"acf":[],"yoast_head":"<!-- This site is optimized with the Yoast SEO plugin v26.7 - https:\/\/yoast.com\/wordpress\/plugins\/seo\/ -->\n<title>Kohad, kus j\u00e4\u00e4 on n\u00f5rgem - Veeohutus - Talv<\/title>\n<meta name=\"description\" content=\"J\u00e4\u00e4 on n\u00f5rk kiirevoolulistes kohtades, paadisildade tugipostide juures, roostikus, laevateede l\u00e4heduses ja allikakohtades.\" \/>\n<meta name=\"robots\" content=\"index, follow, max-snippet:-1, max-image-preview:large, max-video-preview:-1\" \/>\n<link rel=\"canonical\" href=\"https:\/\/veeohutus.ee\/talv\/kohad-kus-jaa-norgem\/\" \/>\n<meta property=\"og:locale\" content=\"et_EE\" \/>\n<meta property=\"og:type\" content=\"article\" \/>\n<meta property=\"og:title\" content=\"Kohad, kus j\u00e4\u00e4 on n\u00f5rgem - Veeohutus - Talv\" \/>\n<meta property=\"og:description\" content=\"J\u00e4\u00e4 on n\u00f5rk kiirevoolulistes kohtades, paadisildade tugipostide juures, roostikus, laevateede l\u00e4heduses ja allikakohtades.\" \/>\n<meta property=\"og:url\" content=\"https:\/\/veeohutus.ee\/talv\/kohad-kus-jaa-norgem\/\" \/>\n<meta property=\"og:site_name\" content=\"Veeohutus - Talv\" \/>\n<meta property=\"article:modified_time\" content=\"2019-11-25T14:33:58+00:00\" \/>\n<meta property=\"og:image\" content=\"https:\/\/veeohutus.ee\/talv\/wp-content\/uploads\/sites\/3\/2018\/10\/spring-769764_960_720.jpg\" \/>\n\t<meta property=\"og:image:width\" content=\"960\" \/>\n\t<meta property=\"og:image:height\" content=\"638\" \/>\n\t<meta property=\"og:image:type\" content=\"image\/jpeg\" \/>\n<meta name=\"twitter:card\" content=\"summary_large_image\" \/>\n<meta name=\"twitter:label1\" content=\"Est. reading time\" \/>\n\t<meta name=\"twitter:data1\" content=\"1 minut\" \/>\n<script type=\"application\/ld+json\" class=\"yoast-schema-graph\">{\"@context\":\"https:\/\/schema.org\",\"@graph\":[{\"@type\":\"WebPage\",\"@id\":\"https:\/\/veeohutus.ee\/talv\/kohad-kus-jaa-norgem\/\",\"url\":\"https:\/\/veeohutus.ee\/talv\/kohad-kus-jaa-norgem\/\",\"name\":\"Kohad, kus j\u00e4\u00e4 on n\u00f5rgem - Veeohutus - Talv\",\"isPartOf\":{\"@id\":\"https:\/\/veeohutus.ee\/talv\/#website\"},\"primaryImageOfPage\":{\"@id\":\"https:\/\/veeohutus.ee\/talv\/kohad-kus-jaa-norgem\/#primaryimage\"},\"image\":{\"@id\":\"https:\/\/veeohutus.ee\/talv\/kohad-kus-jaa-norgem\/#primaryimage\"},\"thumbnailUrl\":\"https:\/\/veeohutus.ee\/talv\/wp-content\/uploads\/sites\/3\/2018\/10\/spring-769764_960_720.jpg\",\"datePublished\":\"2018-10-19T10:38:36+00:00\",\"dateModified\":\"2019-11-25T14:33:58+00:00\",\"description\":\"J\u00e4\u00e4 on n\u00f5rk kiirevoolulistes kohtades, paadisildade tugipostide juures, roostikus, laevateede l\u00e4heduses ja allikakohtades.\",\"breadcrumb\":{\"@id\":\"https:\/\/veeohutus.ee\/talv\/kohad-kus-jaa-norgem\/#breadcrumb\"},\"inLanguage\":\"et\",\"potentialAction\":[{\"@type\":\"ReadAction\",\"target\":[\"https:\/\/veeohutus.ee\/talv\/kohad-kus-jaa-norgem\/\"]}]},{\"@type\":\"ImageObject\",\"inLanguage\":\"et\",\"@id\":\"https:\/\/veeohutus.ee\/talv\/kohad-kus-jaa-norgem\/#primaryimage\",\"url\":\"https:\/\/veeohutus.ee\/talv\/wp-content\/uploads\/sites\/3\/2018\/10\/spring-769764_960_720.jpg\",\"contentUrl\":\"https:\/\/veeohutus.ee\/talv\/wp-content\/uploads\/sites\/3\/2018\/10\/spring-769764_960_720.jpg\",\"width\":960,\"height\":638},{\"@type\":\"BreadcrumbList\",\"@id\":\"https:\/\/veeohutus.ee\/talv\/kohad-kus-jaa-norgem\/#breadcrumb\",\"itemListElement\":[{\"@type\":\"ListItem\",\"position\":1,\"name\":\"Home\",\"item\":\"https:\/\/veeohutus.ee\/talv\/\"},{\"@type\":\"ListItem\",\"position\":2,\"name\":\"Kohad, kus j\u00e4\u00e4 on n\u00f5rgem\"}]},{\"@type\":\"WebSite\",\"@id\":\"https:\/\/veeohutus.ee\/talv\/#website\",\"url\":\"https:\/\/veeohutus.ee\/talv\/\",\"name\":\"Veeohutus - Talv\",\"description\":\"Just another P\u00e4\u00e4steamet - Veeohutus site\",\"potentialAction\":[{\"@type\":\"SearchAction\",\"target\":{\"@type\":\"EntryPoint\",\"urlTemplate\":\"https:\/\/veeohutus.ee\/talv\/?s={search_term_string}\"},\"query-input\":{\"@type\":\"PropertyValueSpecification\",\"valueRequired\":true,\"valueName\":\"search_term_string\"}}],\"inLanguage\":\"et\"}]}<\/script>\n<!-- \/ Yoast SEO plugin. -->","yoast_head_json":{"title":"Kohad, kus j\u00e4\u00e4 on n\u00f5rgem - Veeohutus - Talv","description":"J\u00e4\u00e4 on n\u00f5rk kiirevoolulistes kohtades, paadisildade tugipostide juures, roostikus, laevateede l\u00e4heduses ja allikakohtades.","robots":{"index":"index","follow":"follow","max-snippet":"max-snippet:-1","max-image-preview":"max-image-preview:large","max-video-preview":"max-video-preview:-1"},"canonical":"https:\/\/veeohutus.ee\/talv\/kohad-kus-jaa-norgem\/","og_locale":"et_EE","og_type":"article","og_title":"Kohad, kus j\u00e4\u00e4 on n\u00f5rgem - Veeohutus - Talv","og_description":"J\u00e4\u00e4 on n\u00f5rk kiirevoolulistes kohtades, paadisildade tugipostide juures, roostikus, laevateede l\u00e4heduses ja allikakohtades.","og_url":"https:\/\/veeohutus.ee\/talv\/kohad-kus-jaa-norgem\/","og_site_name":"Veeohutus - Talv","article_modified_time":"2019-11-25T14:33:58+00:00","og_image":[{"width":960,"height":638,"url":"https:\/\/veeohutus.ee\/talv\/wp-content\/uploads\/sites\/3\/2018\/10\/spring-769764_960_720.jpg","type":"image\/jpeg"}],"twitter_card":"summary_large_image","twitter_misc":{"Est. reading time":"1 minut"},"schema":{"@context":"https:\/\/schema.org","@graph":[{"@type":"WebPage","@id":"https:\/\/veeohutus.ee\/talv\/kohad-kus-jaa-norgem\/","url":"https:\/\/veeohutus.ee\/talv\/kohad-kus-jaa-norgem\/","name":"Kohad, kus j\u00e4\u00e4 on n\u00f5rgem - Veeohutus - Talv","isPartOf":{"@id":"https:\/\/veeohutus.ee\/talv\/#website"},"primaryImageOfPage":{"@id":"https:\/\/veeohutus.ee\/talv\/kohad-kus-jaa-norgem\/#primaryimage"},"image":{"@id":"https:\/\/veeohutus.ee\/talv\/kohad-kus-jaa-norgem\/#primaryimage"},"thumbnailUrl":"https:\/\/veeohutus.ee\/talv\/wp-content\/uploads\/sites\/3\/2018\/10\/spring-769764_960_720.jpg","datePublished":"2018-10-19T10:38:36+00:00","dateModified":"2019-11-25T14:33:58+00:00","description":"J\u00e4\u00e4 on n\u00f5rk kiirevoolulistes kohtades, paadisildade tugipostide juures, roostikus, laevateede l\u00e4heduses ja allikakohtades.","breadcrumb":{"@id":"https:\/\/veeohutus.ee\/talv\/kohad-kus-jaa-norgem\/#breadcrumb"},"inLanguage":"et","potentialAction":[{"@type":"ReadAction","target":["https:\/\/veeohutus.ee\/talv\/kohad-kus-jaa-norgem\/"]}]},{"@type":"ImageObject","inLanguage":"et","@id":"https:\/\/veeohutus.ee\/talv\/kohad-kus-jaa-norgem\/#primaryimage","url":"https:\/\/veeohutus.ee\/talv\/wp-content\/uploads\/sites\/3\/2018\/10\/spring-769764_960_720.jpg","contentUrl":"https:\/\/veeohutus.ee\/talv\/wp-content\/uploads\/sites\/3\/2018\/10\/spring-769764_960_720.jpg","width":960,"height":638},{"@type":"BreadcrumbList","@id":"https:\/\/veeohutus.ee\/talv\/kohad-kus-jaa-norgem\/#breadcrumb","itemListElement":[{"@type":"ListItem","position":1,"name":"Home","item":"https:\/\/veeohutus.ee\/talv\/"},{"@type":"ListItem","position":2,"name":"Kohad, kus j\u00e4\u00e4 on n\u00f5rgem"}]},{"@type":"WebSite","@id":"https:\/\/veeohutus.ee\/talv\/#website","url":"https:\/\/veeohutus.ee\/talv\/","name":"Veeohutus - Talv","description":"Just another P\u00e4\u00e4steamet - Veeohutus site","potentialAction":[{"@type":"SearchAction","target":{"@type":"EntryPoint","urlTemplate":"https:\/\/veeohutus.ee\/talv\/?s={search_term_string}"},"query-input":{"@type":"PropertyValueSpecification","valueRequired":true,"valueName":"search_term_string"}}],"inLanguage":"et"}]}},"_links":{"self":[{"href":"https:\/\/veeohutus.ee\/talv\/wp-json\/wp\/v2\/pages\/205","targetHints":{"allow":["GET"]}}],"collection":[{"href":"https:\/\/veeohutus.ee\/talv\/wp-json\/wp\/v2\/pages"}],"about":[{"href":"https:\/\/veeohutus.ee\/talv\/wp-json\/wp\/v2\/types\/page"}],"author":[{"embeddable":true,"href":"https:\/\/veeohutus.ee\/talv\/wp-json\/wp\/v2\/users\/2"}],"replies":[{"embeddable":true,"href":"https:\/\/veeohutus.ee\/talv\/wp-json\/wp\/v2\/comments?post=205"}],"version-history":[{"count":6,"href":"https:\/\/veeohutus.ee\/talv\/wp-json\/wp\/v2\/pages\/205\/revisions"}],"predecessor-version":[{"id":211,"href":"https:\/\/veeohutus.ee\/talv\/wp-json\/wp\/v2\/pages\/205\/revisions\/211"}],"wp:featuredmedia":[{"embeddable":true,"href":"https:\/\/veeohutus.ee\/talv\/wp-json\/wp\/v2\/media\/94"}],"wp:attachment":[{"href":"https:\/\/veeohutus.ee\/talv\/wp-json\/wp\/v2\/media?parent=205"}],"curies":[{"name":"wp","href":"https:\/\/api.w.org\/{rel}","templated":true}]}}