{"id":215,"date":"2018-10-19T10:52:16","date_gmt":"2018-10-19T10:52:16","guid":{"rendered":"https:\/\/veeohutus.ee\/talv\/?page_id=215"},"modified":"2019-11-25T13:57:57","modified_gmt":"2019-11-25T13:57:57","slug":"ohtlikud-kohad-jaal","status":"publish","type":"page","link":"https:\/\/veeohutus.ee\/talv\/ohtlikud-kohad-jaal\/","title":{"rendered":"J\u00e4\u00e4l liikumise ohud"},"content":{"rendered":"<ul>\n<li><strong>Lahvandused ja j\u00e4\u00e4praod<\/strong> \u2013 nende l\u00e4heduses on j\u00e4\u00e4 n\u00f5rgem.<\/li>\n<li><strong>Triivivad j\u00e4\u00e4pangad<\/strong> \u2013 j\u00e4\u00e4pank v\u00f5ib kiiresti laguneda. Sageli pakuvad need huvi lastele, kes proovivad kevadel j\u00e4\u00e4pankadel s\u00f5ita ning v\u00f5ivad seet\u00f5ttu uppumisohtu sattuda.<\/li>\n<li><strong>J\u00e4\u00e4 praksumine<\/strong> \u2013 tuleb viivitamatult j\u00e4\u00e4lt lahkuda. J\u00e4\u00e4le minnes tuleb veenduda, et j\u00e4\u00e4 kannab inimest ja v\u00e4ltida kohti, kus j\u00e4\u00e4 v\u00f5ib olla n\u00f5rgem.<\/li>\n<li><strong>Liikumine pimedas<\/strong> \u2013 oht on kaotada orientatsioon ja sattuda kohta, kus j\u00e4\u00e4 ei kanna. Lisaks ei pruugita m\u00e4rgata pragusid ega auke.<\/li>\n<li><strong>\u00d5huke riietus<\/strong> \u2013 tuul j\u00e4\u00e4tunud veekogul s\u00fcvendab k\u00fclma tunnet ja allajahtumine tekib kiiremini.<\/li>\n<li><strong>J\u00e4\u00e4 pinnal on n\u00e4ha erinevat tooni laike<\/strong> \u2013 j\u00e4\u00e4 v\u00e4rvus\/toon viitab eba\u00fchtlasele j\u00e4\u00e4 paksusele.<\/li>\n<li><strong>Alkoholitarvitamine<\/strong> \u2013 alkohol tekitab petliku soojatunde, kuid ei peata keha jahtumist.<\/li>\n<\/ul>\n","protected":false},"excerpt":{"rendered":"<p>Lahvandused ja j\u00e4\u00e4praod \u2013 nende l\u00e4heduses on j\u00e4\u00e4 n\u00f5rgem. Triivivad j\u00e4\u00e4pangad \u2013 j\u00e4\u00e4pank v\u00f5ib kiiresti laguneda. Sageli pakuvad need huvi lastele, kes proovivad kevadel j\u00e4\u00e4pankadel s\u00f5ita ning v\u00f5ivad seet\u00f5ttu uppumisohtu sattuda. J\u00e4\u00e4 praksumine \u2013 tuleb viivitamatult j\u00e4\u00e4lt lahkuda. J\u00e4\u00e4le minnes tuleb veenduda, et j\u00e4\u00e4 kannab inimest ja v\u00e4ltida kohti, kus j\u00e4\u00e4 v\u00f5ib olla n\u00f5rgem. Liikumine&#8230;  <a class=\"excerpt-read-more\" href=\"https:\/\/veeohutus.ee\/talv\/ohtlikud-kohad-jaal\/\" title=\"Read J\u00e4\u00e4l liikumise ohud\">Read more<\/a><\/p>\n","protected":false},"author":2,"featured_media":273,"parent":0,"menu_order":0,"comment_status":"closed","ping_status":"closed","template":"","meta":{"_acf_changed":false,"footnotes":""},"class_list":["post-215","page","type-page","status-publish","has-post-thumbnail","hentry"],"acf":[],"yoast_head":"<!-- This site is optimized with the Yoast SEO plugin v26.7 - https:\/\/yoast.com\/wordpress\/plugins\/seo\/ -->\n<title>J\u00e4\u00e4l liikumise ohud - Veeohutus - Talv<\/title>\n<meta name=\"description\" content=\"J\u00e4\u00e4l liikudes tuleb t\u00e4hele panna lahvandusi, pragusid ja j\u00e4\u00e4 praksumist. Kindlasti ei tohi ronida j\u00e4\u00e4pangale ega liikuda j\u00e4\u00e4l pimedas.\" \/>\n<meta name=\"robots\" content=\"index, follow, max-snippet:-1, max-image-preview:large, max-video-preview:-1\" \/>\n<link rel=\"canonical\" href=\"https:\/\/veeohutus.ee\/talv\/ohtlikud-kohad-jaal\/\" \/>\n<meta property=\"og:locale\" content=\"et_EE\" \/>\n<meta property=\"og:type\" content=\"article\" \/>\n<meta property=\"og:title\" content=\"J\u00e4\u00e4l liikumise ohud - Veeohutus - Talv\" \/>\n<meta property=\"og:description\" content=\"J\u00e4\u00e4l liikudes tuleb t\u00e4hele panna lahvandusi, pragusid ja j\u00e4\u00e4 praksumist. Kindlasti ei tohi ronida j\u00e4\u00e4pangale ega liikuda j\u00e4\u00e4l pimedas.\" \/>\n<meta property=\"og:url\" content=\"https:\/\/veeohutus.ee\/talv\/ohtlikud-kohad-jaal\/\" \/>\n<meta property=\"og:site_name\" content=\"Veeohutus - Talv\" \/>\n<meta property=\"article:modified_time\" content=\"2019-11-25T13:57:57+00:00\" \/>\n<meta property=\"og:image\" content=\"https:\/\/veeohutus.ee\/talv\/wp-content\/uploads\/sites\/3\/2018\/10\/ristsuunad.jpg\" \/>\n\t<meta property=\"og:image:width\" content=\"1920\" \/>\n\t<meta property=\"og:image:height\" content=\"1080\" \/>\n\t<meta property=\"og:image:type\" content=\"image\/jpeg\" \/>\n<meta name=\"twitter:card\" content=\"summary_large_image\" \/>\n<meta name=\"twitter:label1\" content=\"Est. reading time\" \/>\n\t<meta name=\"twitter:data1\" content=\"1 minut\" \/>\n<script type=\"application\/ld+json\" class=\"yoast-schema-graph\">{\"@context\":\"https:\/\/schema.org\",\"@graph\":[{\"@type\":\"WebPage\",\"@id\":\"https:\/\/veeohutus.ee\/talv\/ohtlikud-kohad-jaal\/\",\"url\":\"https:\/\/veeohutus.ee\/talv\/ohtlikud-kohad-jaal\/\",\"name\":\"J\u00e4\u00e4l liikumise ohud - Veeohutus - Talv\",\"isPartOf\":{\"@id\":\"https:\/\/veeohutus.ee\/talv\/#website\"},\"primaryImageOfPage\":{\"@id\":\"https:\/\/veeohutus.ee\/talv\/ohtlikud-kohad-jaal\/#primaryimage\"},\"image\":{\"@id\":\"https:\/\/veeohutus.ee\/talv\/ohtlikud-kohad-jaal\/#primaryimage\"},\"thumbnailUrl\":\"https:\/\/veeohutus.ee\/talv\/wp-content\/uploads\/sites\/3\/2018\/10\/ristsuunad.jpg\",\"datePublished\":\"2018-10-19T10:52:16+00:00\",\"dateModified\":\"2019-11-25T13:57:57+00:00\",\"description\":\"J\u00e4\u00e4l liikudes tuleb t\u00e4hele panna lahvandusi, pragusid ja j\u00e4\u00e4 praksumist. Kindlasti ei tohi ronida j\u00e4\u00e4pangale ega liikuda j\u00e4\u00e4l pimedas.\",\"breadcrumb\":{\"@id\":\"https:\/\/veeohutus.ee\/talv\/ohtlikud-kohad-jaal\/#breadcrumb\"},\"inLanguage\":\"et\",\"potentialAction\":[{\"@type\":\"ReadAction\",\"target\":[\"https:\/\/veeohutus.ee\/talv\/ohtlikud-kohad-jaal\/\"]}]},{\"@type\":\"ImageObject\",\"inLanguage\":\"et\",\"@id\":\"https:\/\/veeohutus.ee\/talv\/ohtlikud-kohad-jaal\/#primaryimage\",\"url\":\"https:\/\/veeohutus.ee\/talv\/wp-content\/uploads\/sites\/3\/2018\/10\/ristsuunad.jpg\",\"contentUrl\":\"https:\/\/veeohutus.ee\/talv\/wp-content\/uploads\/sites\/3\/2018\/10\/ristsuunad.jpg\",\"width\":1920,\"height\":1080},{\"@type\":\"BreadcrumbList\",\"@id\":\"https:\/\/veeohutus.ee\/talv\/ohtlikud-kohad-jaal\/#breadcrumb\",\"itemListElement\":[{\"@type\":\"ListItem\",\"position\":1,\"name\":\"Home\",\"item\":\"https:\/\/veeohutus.ee\/talv\/\"},{\"@type\":\"ListItem\",\"position\":2,\"name\":\"J\u00e4\u00e4l liikumise ohud\"}]},{\"@type\":\"WebSite\",\"@id\":\"https:\/\/veeohutus.ee\/talv\/#website\",\"url\":\"https:\/\/veeohutus.ee\/talv\/\",\"name\":\"Veeohutus - Talv\",\"description\":\"Just another P\u00e4\u00e4steamet - Veeohutus site\",\"potentialAction\":[{\"@type\":\"SearchAction\",\"target\":{\"@type\":\"EntryPoint\",\"urlTemplate\":\"https:\/\/veeohutus.ee\/talv\/?s={search_term_string}\"},\"query-input\":{\"@type\":\"PropertyValueSpecification\",\"valueRequired\":true,\"valueName\":\"search_term_string\"}}],\"inLanguage\":\"et\"}]}<\/script>\n<!-- \/ Yoast SEO plugin. -->","yoast_head_json":{"title":"J\u00e4\u00e4l liikumise ohud - Veeohutus - Talv","description":"J\u00e4\u00e4l liikudes tuleb t\u00e4hele panna lahvandusi, pragusid ja j\u00e4\u00e4 praksumist. Kindlasti ei tohi ronida j\u00e4\u00e4pangale ega liikuda j\u00e4\u00e4l pimedas.","robots":{"index":"index","follow":"follow","max-snippet":"max-snippet:-1","max-image-preview":"max-image-preview:large","max-video-preview":"max-video-preview:-1"},"canonical":"https:\/\/veeohutus.ee\/talv\/ohtlikud-kohad-jaal\/","og_locale":"et_EE","og_type":"article","og_title":"J\u00e4\u00e4l liikumise ohud - Veeohutus - Talv","og_description":"J\u00e4\u00e4l liikudes tuleb t\u00e4hele panna lahvandusi, pragusid ja j\u00e4\u00e4 praksumist. Kindlasti ei tohi ronida j\u00e4\u00e4pangale ega liikuda j\u00e4\u00e4l pimedas.","og_url":"https:\/\/veeohutus.ee\/talv\/ohtlikud-kohad-jaal\/","og_site_name":"Veeohutus - Talv","article_modified_time":"2019-11-25T13:57:57+00:00","og_image":[{"width":1920,"height":1080,"url":"https:\/\/veeohutus.ee\/talv\/wp-content\/uploads\/sites\/3\/2018\/10\/ristsuunad.jpg","type":"image\/jpeg"}],"twitter_card":"summary_large_image","twitter_misc":{"Est. reading time":"1 minut"},"schema":{"@context":"https:\/\/schema.org","@graph":[{"@type":"WebPage","@id":"https:\/\/veeohutus.ee\/talv\/ohtlikud-kohad-jaal\/","url":"https:\/\/veeohutus.ee\/talv\/ohtlikud-kohad-jaal\/","name":"J\u00e4\u00e4l liikumise ohud - Veeohutus - Talv","isPartOf":{"@id":"https:\/\/veeohutus.ee\/talv\/#website"},"primaryImageOfPage":{"@id":"https:\/\/veeohutus.ee\/talv\/ohtlikud-kohad-jaal\/#primaryimage"},"image":{"@id":"https:\/\/veeohutus.ee\/talv\/ohtlikud-kohad-jaal\/#primaryimage"},"thumbnailUrl":"https:\/\/veeohutus.ee\/talv\/wp-content\/uploads\/sites\/3\/2018\/10\/ristsuunad.jpg","datePublished":"2018-10-19T10:52:16+00:00","dateModified":"2019-11-25T13:57:57+00:00","description":"J\u00e4\u00e4l liikudes tuleb t\u00e4hele panna lahvandusi, pragusid ja j\u00e4\u00e4 praksumist. Kindlasti ei tohi ronida j\u00e4\u00e4pangale ega liikuda j\u00e4\u00e4l pimedas.","breadcrumb":{"@id":"https:\/\/veeohutus.ee\/talv\/ohtlikud-kohad-jaal\/#breadcrumb"},"inLanguage":"et","potentialAction":[{"@type":"ReadAction","target":["https:\/\/veeohutus.ee\/talv\/ohtlikud-kohad-jaal\/"]}]},{"@type":"ImageObject","inLanguage":"et","@id":"https:\/\/veeohutus.ee\/talv\/ohtlikud-kohad-jaal\/#primaryimage","url":"https:\/\/veeohutus.ee\/talv\/wp-content\/uploads\/sites\/3\/2018\/10\/ristsuunad.jpg","contentUrl":"https:\/\/veeohutus.ee\/talv\/wp-content\/uploads\/sites\/3\/2018\/10\/ristsuunad.jpg","width":1920,"height":1080},{"@type":"BreadcrumbList","@id":"https:\/\/veeohutus.ee\/talv\/ohtlikud-kohad-jaal\/#breadcrumb","itemListElement":[{"@type":"ListItem","position":1,"name":"Home","item":"https:\/\/veeohutus.ee\/talv\/"},{"@type":"ListItem","position":2,"name":"J\u00e4\u00e4l liikumise ohud"}]},{"@type":"WebSite","@id":"https:\/\/veeohutus.ee\/talv\/#website","url":"https:\/\/veeohutus.ee\/talv\/","name":"Veeohutus - Talv","description":"Just another P\u00e4\u00e4steamet - Veeohutus site","potentialAction":[{"@type":"SearchAction","target":{"@type":"EntryPoint","urlTemplate":"https:\/\/veeohutus.ee\/talv\/?s={search_term_string}"},"query-input":{"@type":"PropertyValueSpecification","valueRequired":true,"valueName":"search_term_string"}}],"inLanguage":"et"}]}},"_links":{"self":[{"href":"https:\/\/veeohutus.ee\/talv\/wp-json\/wp\/v2\/pages\/215","targetHints":{"allow":["GET"]}}],"collection":[{"href":"https:\/\/veeohutus.ee\/talv\/wp-json\/wp\/v2\/pages"}],"about":[{"href":"https:\/\/veeohutus.ee\/talv\/wp-json\/wp\/v2\/types\/page"}],"author":[{"embeddable":true,"href":"https:\/\/veeohutus.ee\/talv\/wp-json\/wp\/v2\/users\/2"}],"replies":[{"embeddable":true,"href":"https:\/\/veeohutus.ee\/talv\/wp-json\/wp\/v2\/comments?post=215"}],"version-history":[{"count":2,"href":"https:\/\/veeohutus.ee\/talv\/wp-json\/wp\/v2\/pages\/215\/revisions"}],"predecessor-version":[{"id":428,"href":"https:\/\/veeohutus.ee\/talv\/wp-json\/wp\/v2\/pages\/215\/revisions\/428"}],"wp:featuredmedia":[{"embeddable":true,"href":"https:\/\/veeohutus.ee\/talv\/wp-json\/wp\/v2\/media\/273"}],"wp:attachment":[{"href":"https:\/\/veeohutus.ee\/talv\/wp-json\/wp\/v2\/media?parent=215"}],"curies":[{"name":"wp","href":"https:\/\/api.w.org\/{rel}","templated":true}]}}