{"id":723,"date":"2018-12-22T10:08:45","date_gmt":"2018-12-22T10:08:45","guid":{"rendered":"https:\/\/veeohutus.ee\/talv\/?page_id=723"},"modified":"2025-01-22T08:49:11","modified_gmt":"2025-01-22T08:49:11","slug":"jaaolud-eestis","status":"publish","type":"page","link":"https:\/\/veeohutus.ee\/talv\/jaaolud-eestis\/","title":{"rendered":"J\u00e4\u00e4olud Eestis &#8211; J\u00e4\u00e4kaart"},"content":{"rendered":"<h2>P\u00e4\u00e4steameti kaardilt saab infot siseveekogude j\u00e4\u00e4olude kohta.<\/h2>\n<p>P\u00e4\u00e4stekomandod m\u00f5\u00f5davad j\u00e4\u00e4 paksust vastavalt ilmastikuoludele, j\u00e4\u00e4 olemasolule ja seni, kuni j\u00e4\u00e4olud on muutunud stabiilseks. J\u00e4\u00e4kattele tasub minna alles siis, kui selle paksus on v\u00e4hemalt 10 sentimeetrit.<\/p>\n<p><strong>Tegemist on informatiivse kaardiga! Iga\u00fcks vastutab oma turvalise k\u00e4itumise eest ise.<\/strong><\/p>\n<p>J\u00e4\u00e4le minnes peavad kaasas olema ohutusvahendid ka siis, kui j\u00e4\u00e4 pakus on lubatud 10 cm, sest \u00fche veekogu piires v\u00f5ivad j\u00e4\u00e4olud tugevalt varieeruda. Mida kiirevoolulisem veekogu, seda eba\u00fchtlasem on j\u00e4\u00e4.<\/p>\n<p>Matkajale vajaliku varustuse kohta saab infot <a href=\"https:\/\/veeohutus.ee\/talv\/jaal-liikujale-vajalik-varustus\/\">SIIT<\/a>.<br \/>\nKalamehe varustuse kohta<\/p>\n<p><iframe loading=\"lazy\" src=\"https:\/\/jaakaart.envir.ee\/hetkeseis\" width=\"800\" height=\"600\" frameborder=\"0\" allowfullscreen=\"allowfullscreen\"><span data-mce-type=\"bookmark\" style=\"display: inline-block; width: 0px; overflow: hidden; line-height: 0;\" class=\"mce_SELRES_start\">\ufeff<\/span><\/iframe><\/p>\n","protected":false},"excerpt":{"rendered":"<p>P\u00e4\u00e4steameti kaardilt saab infot siseveekogude j\u00e4\u00e4olude kohta. P\u00e4\u00e4stekomandod m\u00f5\u00f5davad j\u00e4\u00e4 paksust vastavalt ilmastikuoludele, j\u00e4\u00e4 olemasolule ja seni, kuni j\u00e4\u00e4olud on muutunud stabiilseks. J\u00e4\u00e4kattele tasub minna alles siis, kui selle paksus on v\u00e4hemalt 10 sentimeetrit. Tegemist on informatiivse kaardiga! Iga\u00fcks vastutab oma turvalise k\u00e4itumise eest ise. J\u00e4\u00e4le minnes peavad kaasas olema ohutusvahendid ka siis, kui j\u00e4\u00e4&#8230;  <a class=\"excerpt-read-more\" href=\"https:\/\/veeohutus.ee\/talv\/jaaolud-eestis\/\" title=\"Read J\u00e4\u00e4olud Eestis &#8211; J\u00e4\u00e4kaart\">Read more<\/a><\/p>\n","protected":false},"author":2,"featured_media":22,"parent":0,"menu_order":0,"comment_status":"closed","ping_status":"closed","template":"","meta":{"_acf_changed":false,"footnotes":""},"class_list":["post-723","page","type-page","status-publish","has-post-thumbnail","hentry"],"acf":[],"yoast_head":"<!-- This site is optimized with the Yoast SEO plugin v26.7 - https:\/\/yoast.com\/wordpress\/plugins\/seo\/ -->\n<title>J\u00e4\u00e4olud Eestis - J\u00e4\u00e4kaart - P\u00e4\u00e4steamet<\/title>\n<meta name=\"description\" content=\"P\u00e4\u00e4steameti j\u00e4\u00e4kaart. J\u00e4\u00e4olud Eesti siseveekogudes. Informatiivne kaart annab \u00fclevaate j\u00e4\u00e4 paksusest erinevates siseveekogudes.\" \/>\n<meta name=\"robots\" content=\"index, follow, max-snippet:-1, max-image-preview:large, max-video-preview:-1\" \/>\n<link rel=\"canonical\" href=\"https:\/\/veeohutus.ee\/talv\/jaaolud-eestis\/\" \/>\n<meta property=\"og:locale\" content=\"et_EE\" \/>\n<meta property=\"og:type\" content=\"article\" \/>\n<meta property=\"og:title\" content=\"J\u00e4\u00e4olud Eestis - J\u00e4\u00e4kaart - P\u00e4\u00e4steamet\" \/>\n<meta property=\"og:description\" content=\"P\u00e4\u00e4steameti j\u00e4\u00e4kaart. J\u00e4\u00e4olud Eesti siseveekogudes. Informatiivne kaart annab \u00fclevaate j\u00e4\u00e4 paksusest erinevates siseveekogudes.\" \/>\n<meta property=\"og:url\" content=\"https:\/\/veeohutus.ee\/talv\/jaaolud-eestis\/\" \/>\n<meta property=\"og:site_name\" content=\"Veeohutus - Talv\" \/>\n<meta property=\"article:modified_time\" content=\"2025-01-22T08:49:11+00:00\" \/>\n<meta property=\"og:image\" content=\"https:\/\/veeohutus.ee\/talv\/wp-content\/uploads\/sites\/3\/2018\/10\/clouds-1839306_960_720.jpg\" \/>\n\t<meta property=\"og:image:width\" content=\"960\" \/>\n\t<meta property=\"og:image:height\" content=\"640\" \/>\n\t<meta property=\"og:image:type\" content=\"image\/jpeg\" \/>\n<meta name=\"twitter:card\" content=\"summary_large_image\" \/>\n<meta name=\"twitter:label1\" content=\"Est. reading time\" \/>\n\t<meta name=\"twitter:data1\" content=\"1 minut\" \/>\n<script type=\"application\/ld+json\" class=\"yoast-schema-graph\">{\"@context\":\"https:\/\/schema.org\",\"@graph\":[{\"@type\":\"WebPage\",\"@id\":\"https:\/\/veeohutus.ee\/talv\/jaaolud-eestis\/\",\"url\":\"https:\/\/veeohutus.ee\/talv\/jaaolud-eestis\/\",\"name\":\"J\u00e4\u00e4olud Eestis - J\u00e4\u00e4kaart - P\u00e4\u00e4steamet\",\"isPartOf\":{\"@id\":\"https:\/\/veeohutus.ee\/talv\/#website\"},\"primaryImageOfPage\":{\"@id\":\"https:\/\/veeohutus.ee\/talv\/jaaolud-eestis\/#primaryimage\"},\"image\":{\"@id\":\"https:\/\/veeohutus.ee\/talv\/jaaolud-eestis\/#primaryimage\"},\"thumbnailUrl\":\"https:\/\/veeohutus.ee\/talv\/wp-content\/uploads\/sites\/3\/2018\/10\/clouds-1839306_960_720.jpg\",\"datePublished\":\"2018-12-22T10:08:45+00:00\",\"dateModified\":\"2025-01-22T08:49:11+00:00\",\"description\":\"P\u00e4\u00e4steameti j\u00e4\u00e4kaart. J\u00e4\u00e4olud Eesti siseveekogudes. Informatiivne kaart annab \u00fclevaate j\u00e4\u00e4 paksusest erinevates siseveekogudes.\",\"breadcrumb\":{\"@id\":\"https:\/\/veeohutus.ee\/talv\/jaaolud-eestis\/#breadcrumb\"},\"inLanguage\":\"et\",\"potentialAction\":[{\"@type\":\"ReadAction\",\"target\":[\"https:\/\/veeohutus.ee\/talv\/jaaolud-eestis\/\"]}]},{\"@type\":\"ImageObject\",\"inLanguage\":\"et\",\"@id\":\"https:\/\/veeohutus.ee\/talv\/jaaolud-eestis\/#primaryimage\",\"url\":\"https:\/\/veeohutus.ee\/talv\/wp-content\/uploads\/sites\/3\/2018\/10\/clouds-1839306_960_720.jpg\",\"contentUrl\":\"https:\/\/veeohutus.ee\/talv\/wp-content\/uploads\/sites\/3\/2018\/10\/clouds-1839306_960_720.jpg\",\"width\":960,\"height\":640},{\"@type\":\"BreadcrumbList\",\"@id\":\"https:\/\/veeohutus.ee\/talv\/jaaolud-eestis\/#breadcrumb\",\"itemListElement\":[{\"@type\":\"ListItem\",\"position\":1,\"name\":\"Home\",\"item\":\"https:\/\/veeohutus.ee\/talv\/\"},{\"@type\":\"ListItem\",\"position\":2,\"name\":\"J\u00e4\u00e4olud Eestis &#8211; J\u00e4\u00e4kaart\"}]},{\"@type\":\"WebSite\",\"@id\":\"https:\/\/veeohutus.ee\/talv\/#website\",\"url\":\"https:\/\/veeohutus.ee\/talv\/\",\"name\":\"Veeohutus - Talv\",\"description\":\"Just another P\u00e4\u00e4steamet - Veeohutus site\",\"potentialAction\":[{\"@type\":\"SearchAction\",\"target\":{\"@type\":\"EntryPoint\",\"urlTemplate\":\"https:\/\/veeohutus.ee\/talv\/?s={search_term_string}\"},\"query-input\":{\"@type\":\"PropertyValueSpecification\",\"valueRequired\":true,\"valueName\":\"search_term_string\"}}],\"inLanguage\":\"et\"}]}<\/script>\n<!-- \/ Yoast SEO plugin. -->","yoast_head_json":{"title":"J\u00e4\u00e4olud Eestis - J\u00e4\u00e4kaart - P\u00e4\u00e4steamet","description":"P\u00e4\u00e4steameti j\u00e4\u00e4kaart. J\u00e4\u00e4olud Eesti siseveekogudes. Informatiivne kaart annab \u00fclevaate j\u00e4\u00e4 paksusest erinevates siseveekogudes.","robots":{"index":"index","follow":"follow","max-snippet":"max-snippet:-1","max-image-preview":"max-image-preview:large","max-video-preview":"max-video-preview:-1"},"canonical":"https:\/\/veeohutus.ee\/talv\/jaaolud-eestis\/","og_locale":"et_EE","og_type":"article","og_title":"J\u00e4\u00e4olud Eestis - J\u00e4\u00e4kaart - P\u00e4\u00e4steamet","og_description":"P\u00e4\u00e4steameti j\u00e4\u00e4kaart. J\u00e4\u00e4olud Eesti siseveekogudes. Informatiivne kaart annab \u00fclevaate j\u00e4\u00e4 paksusest erinevates siseveekogudes.","og_url":"https:\/\/veeohutus.ee\/talv\/jaaolud-eestis\/","og_site_name":"Veeohutus - Talv","article_modified_time":"2025-01-22T08:49:11+00:00","og_image":[{"width":960,"height":640,"url":"https:\/\/veeohutus.ee\/talv\/wp-content\/uploads\/sites\/3\/2018\/10\/clouds-1839306_960_720.jpg","type":"image\/jpeg"}],"twitter_card":"summary_large_image","twitter_misc":{"Est. reading time":"1 minut"},"schema":{"@context":"https:\/\/schema.org","@graph":[{"@type":"WebPage","@id":"https:\/\/veeohutus.ee\/talv\/jaaolud-eestis\/","url":"https:\/\/veeohutus.ee\/talv\/jaaolud-eestis\/","name":"J\u00e4\u00e4olud Eestis - J\u00e4\u00e4kaart - P\u00e4\u00e4steamet","isPartOf":{"@id":"https:\/\/veeohutus.ee\/talv\/#website"},"primaryImageOfPage":{"@id":"https:\/\/veeohutus.ee\/talv\/jaaolud-eestis\/#primaryimage"},"image":{"@id":"https:\/\/veeohutus.ee\/talv\/jaaolud-eestis\/#primaryimage"},"thumbnailUrl":"https:\/\/veeohutus.ee\/talv\/wp-content\/uploads\/sites\/3\/2018\/10\/clouds-1839306_960_720.jpg","datePublished":"2018-12-22T10:08:45+00:00","dateModified":"2025-01-22T08:49:11+00:00","description":"P\u00e4\u00e4steameti j\u00e4\u00e4kaart. J\u00e4\u00e4olud Eesti siseveekogudes. Informatiivne kaart annab \u00fclevaate j\u00e4\u00e4 paksusest erinevates siseveekogudes.","breadcrumb":{"@id":"https:\/\/veeohutus.ee\/talv\/jaaolud-eestis\/#breadcrumb"},"inLanguage":"et","potentialAction":[{"@type":"ReadAction","target":["https:\/\/veeohutus.ee\/talv\/jaaolud-eestis\/"]}]},{"@type":"ImageObject","inLanguage":"et","@id":"https:\/\/veeohutus.ee\/talv\/jaaolud-eestis\/#primaryimage","url":"https:\/\/veeohutus.ee\/talv\/wp-content\/uploads\/sites\/3\/2018\/10\/clouds-1839306_960_720.jpg","contentUrl":"https:\/\/veeohutus.ee\/talv\/wp-content\/uploads\/sites\/3\/2018\/10\/clouds-1839306_960_720.jpg","width":960,"height":640},{"@type":"BreadcrumbList","@id":"https:\/\/veeohutus.ee\/talv\/jaaolud-eestis\/#breadcrumb","itemListElement":[{"@type":"ListItem","position":1,"name":"Home","item":"https:\/\/veeohutus.ee\/talv\/"},{"@type":"ListItem","position":2,"name":"J\u00e4\u00e4olud Eestis &#8211; J\u00e4\u00e4kaart"}]},{"@type":"WebSite","@id":"https:\/\/veeohutus.ee\/talv\/#website","url":"https:\/\/veeohutus.ee\/talv\/","name":"Veeohutus - Talv","description":"Just another P\u00e4\u00e4steamet - Veeohutus site","potentialAction":[{"@type":"SearchAction","target":{"@type":"EntryPoint","urlTemplate":"https:\/\/veeohutus.ee\/talv\/?s={search_term_string}"},"query-input":{"@type":"PropertyValueSpecification","valueRequired":true,"valueName":"search_term_string"}}],"inLanguage":"et"}]}},"_links":{"self":[{"href":"https:\/\/veeohutus.ee\/talv\/wp-json\/wp\/v2\/pages\/723","targetHints":{"allow":["GET"]}}],"collection":[{"href":"https:\/\/veeohutus.ee\/talv\/wp-json\/wp\/v2\/pages"}],"about":[{"href":"https:\/\/veeohutus.ee\/talv\/wp-json\/wp\/v2\/types\/page"}],"author":[{"embeddable":true,"href":"https:\/\/veeohutus.ee\/talv\/wp-json\/wp\/v2\/users\/2"}],"replies":[{"embeddable":true,"href":"https:\/\/veeohutus.ee\/talv\/wp-json\/wp\/v2\/comments?post=723"}],"version-history":[{"count":15,"href":"https:\/\/veeohutus.ee\/talv\/wp-json\/wp\/v2\/pages\/723\/revisions"}],"predecessor-version":[{"id":1793,"href":"https:\/\/veeohutus.ee\/talv\/wp-json\/wp\/v2\/pages\/723\/revisions\/1793"}],"wp:featuredmedia":[{"embeddable":true,"href":"https:\/\/veeohutus.ee\/talv\/wp-json\/wp\/v2\/media\/22"}],"wp:attachment":[{"href":"https:\/\/veeohutus.ee\/talv\/wp-json\/wp\/v2\/media?parent=723"}],"curies":[{"name":"wp","href":"https:\/\/api.w.org\/{rel}","templated":true}]}}